












{"id":13,"date":"2023-03-13T10:21:58","date_gmt":"2023-03-13T13:21:58","guid":{"rendered":"http:\/\/ulbra-to.br\/cejulp\/?page_id=13"},"modified":"2023-03-13T10:33:00","modified_gmt":"2023-03-13T13:33:00","slug":"apresentacao","status":"publish","type":"page","link":"http:\/\/ulbra-to.br\/cejulp\/apresentacao\/","title":{"rendered":"Apresenta\u00e7\u00e3o"},"content":{"rendered":"\n<p>O CEJULP \u00e9 o nosso Ciclo de Estudos Jur\u00eddicos e ocorre anualmente em torno das discuss\u00f5es jur\u00eddicas da atualidade. A edi\u00e7\u00e3o de 2023 ocorrer\u00e1 nos dias 30 e 31 de mar\u00e7o e abordar\u00e1 palestras e atividades tendo como tema central: &#8220;Tribunal do J\u00fari: Aspectos pr\u00e1ticos e temas atuais&#8221;. A palestra de abertura (30\/03 a partir das 19h) contar\u00e1 com a presen\u00e7a do professor da casa, Dr. Abizair Paniago, delegado de pol\u00edcia aposentado, e do Juiz de Direito no Rio Grande do Sul., Dr. Orlando Faccini Neto, que atuou como Juiz Presidente no Tribunal do J\u00fari do caso da Boate Kiss.<\/p>\n\n\n\n<p>No dia seguinte (31\/03), pela manh\u00e3, acontecer\u00e1 uma Roda de Conversa, com a participa\u00e7\u00e3o do Dr. Andr\u00e9 Varanda (promotor de Justi\u00e7a), a Dra. Umbelina Lopes (Ju\u00edza) e a Dra. Andrea Cardinale (advogada criminalista e professora da ULBRA), e um J\u00fari Simulado (organizado pela professora da casa, Fabiana Luiza Silva) e, \u00e0 noite, a palestra de encerramento (a partir das 19h) com os promotores de Justi\u00e7a do Rio de Janeiro, Dra. Mariah Soares da Paix\u00e3o e Dr. D\u00e9cio Viegas de Oliveira, respons\u00e1veis pela acusa\u00e7\u00e3o no J\u00fari da deputada Flordelis.<\/p>\n\n\n\n<p>O objetivo \u00e9 proporcionar aos acad\u00eamicos de Direito a oportunidade de ouvir e debater temas e casos pol\u00eamicos com profissionais que atuam no Tribunal do J\u00fari, e conhecerem, assim, as t\u00e9cnicas de argumenta\u00e7\u00e3o e teses jur\u00eddicas exploradas. Sem d\u00favidas, um evento engrandecedor para os futuros juristas.<\/p>\n\n\n\n<p>O evento contar\u00e1 com a participa\u00e7\u00e3o de membros do Minist\u00e9rio P\u00fablico, Magistratura, Defensoria P\u00fablica e Ordem dos Advogados do Estado. Ser\u00e1 aberto ao p\u00fablico, por\u00e9m as inscri\u00e7\u00f5es inicialmente estar\u00e3o dispon\u00edveis para os alunos da ULBRA Palmas e, posteriormente, abriremos ao p\u00fablico externo interessado.<\/p>\n\n\n\n<p>Inscri\u00e7\u00f5es: 1kg de alimento n\u00e3o perec\u00edvel, que dever\u00e1 ser entregue na entrada do evento.<\/p>\n","protected":false},"excerpt":{"rendered":"<p>O CEJULP \u00e9 o nosso Ciclo de Estudos Jur\u00eddicos e ocorre anualmente em torno das discuss\u00f5es jur\u00eddicas da atualidade. A edi\u00e7\u00e3o de 2023 ocorrer\u00e1 nos dias 30 e 31 de mar\u00e7o e abordar\u00e1 palestras e atividades tendo como tema central: &#8220;Tribunal do J\u00fari: Aspectos pr\u00e1ticos e temas atuais&#8221;. A palestra de abertura (30\/03 a partir [&hellip;]<\/p>\n","protected":false},"author":1,"featured_media":31,"parent":0,"menu_order":0,"comment_status":"closed","ping_status":"closed","template":"","meta":{"footnotes":""},"_links":{"self":[{"href":"http:\/\/ulbra-to.br\/cejulp\/wp-json\/wp\/v2\/pages\/13"}],"collection":[{"href":"http:\/\/ulbra-to.br\/cejulp\/wp-json\/wp\/v2\/pages"}],"about":[{"href":"http:\/\/ulbra-to.br\/cejulp\/wp-json\/wp\/v2\/types\/page"}],"author":[{"embeddable":true,"href":"http:\/\/ulbra-to.br\/cejulp\/wp-json\/wp\/v2\/users\/1"}],"replies":[{"embeddable":true,"href":"http:\/\/ulbra-to.br\/cejulp\/wp-json\/wp\/v2\/comments?post=13"}],"version-history":[{"count":1,"href":"http:\/\/ulbra-to.br\/cejulp\/wp-json\/wp\/v2\/pages\/13\/revisions"}],"predecessor-version":[{"id":14,"href":"http:\/\/ulbra-to.br\/cejulp\/wp-json\/wp\/v2\/pages\/13\/revisions\/14"}],"wp:featuredmedia":[{"embeddable":true,"href":"http:\/\/ulbra-to.br\/cejulp\/wp-json\/wp\/v2\/media\/31"}],"wp:attachment":[{"href":"http:\/\/ulbra-to.br\/cejulp\/wp-json\/wp\/v2\/media?parent=13"}],"curies":[{"name":"wp","href":"https:\/\/api.w.org\/{rel}","templated":true}]}}

Apresentação

<p>O CEJULP é o nosso Ciclo de Estudos Jurídicos e ocorre anualmente em torno das discussões jurídicas da atualidade. A edição de 2023 ocorrerá nos dias 30 e 31 de março e abordará palestras e atividades tendo como tema central: &#8220;Tribunal do Júri: Aspectos práticos e temas atuais&#8221;. A palestra de abertura (30/03 a partir das 19h) contará com a presença do professor da casa, Dr. Abizair Paniago, delegado de polícia aposentado, e do Juiz de Direito no Rio Grande do Sul., Dr. Orlando Faccini Neto, que atuou como Juiz Presidente no Tribunal do Júri do caso da Boate Kiss.</p>



<p>No dia seguinte (31/03), pela manhã, acontecerá uma Roda de Conversa, com a participação do Dr. André Varanda (promotor de Justiça), a Dra. Umbelina Lopes (Juíza) e a Dra. Andrea Cardinale (advogada criminalista e professora da ULBRA), e um Júri Simulado (organizado pela professora da casa, Fabiana Luiza Silva) e, à noite, a palestra de encerramento (a partir das 19h) com os promotores de Justiça do Rio de Janeiro, Dra. Mariah Soares da Paixão e Dr. Décio Viegas de Oliveira, responsáveis pela acusação no Júri da deputada Flordelis.</p>



<p>O objetivo é proporcionar aos acadêmicos de Direito a oportunidade de ouvir e debater temas e casos polêmicos com profissionais que atuam no Tribunal do Júri, e conhecerem, assim, as técnicas de argumentação e teses jurídicas exploradas. Sem dúvidas, um evento engrandecedor para os futuros juristas.</p>



<p>O evento contará com a participação de membros do Ministério Público, Magistratura, Defensoria Pública e Ordem dos Advogados do Estado. Será aberto ao público, porém as inscrições inicialmente estarão disponíveis para os alunos da ULBRA Palmas e, posteriormente, abriremos ao público externo interessado.</p>



<p>Inscrições: 1kg de alimento não perecível, que deverá ser entregue na entrada do evento.</p>

<p>O CEJULP é o nosso Ciclo de Estudos Jurídicos e ocorre anualmente em torno das discussões jurídicas da atualidade. A edição de 2023 ocorrerá nos dias 30 e 31 de março e abordará palestras e atividades tendo como tema central: &#8220;Tribunal do Júri: Aspectos práticos e temas atuais&#8221;. A palestra de abertura (30/03 a partir [&hellip;]</p>
