











	
{"id":289,"date":"2022-05-02T14:51:26","date_gmt":"2022-05-02T17:51:26","guid":{"rendered":"https:\/\/ulbra-to.br\/caos\/?post_type=artigo&#038;p=289"},"modified":"2022-05-02T14:51:26","modified_gmt":"2022-05-02T17:51:26","slug":"a-escuta-terapeutica-pelo-olhar-sistemico","status":"publish","type":"artigo","link":"https:\/\/ulbra-to.br\/caos\/artigo\/a-escuta-terapeutica-pelo-olhar-sistemico\/","title":{"rendered":"A ESCUTA TERAP\u00caUTICA PELO OLHAR SIST\u00caMICO"},"content":{"rendered":"\n<p>O presente artigo explana a respeito da necessidade de ampliar o olhar para as rela\u00e7\u00f5es em uma escuta terap\u00eautica, baseando-se na vis\u00e3o sist\u00eamica, o que se configura um processo complexo em que o terapeuta visualiza um sistema como um conjunto de elementos interligados, podendo assim focar nas rela\u00e7\u00f5es interpessoais. A terapia sist\u00eamica baseia-se, dentre outras coisas, na compreens\u00e3o dos padr\u00f5es de comunica\u00e7\u00e3o que ocorrem no \u00e2mbito social, buscando distinguir rela\u00e7\u00f5es que causam ang\u00fastia ou sofrimento.<\/p>\n","protected":false},"template":"","categories":[],"tags":[],"_links":{"self":[{"href":"https:\/\/ulbra-to.br\/caos\/wp-json\/wp\/v2\/artigo\/289"}],"collection":[{"href":"https:\/\/ulbra-to.br\/caos\/wp-json\/wp\/v2\/artigo"}],"about":[{"href":"https:\/\/ulbra-to.br\/caos\/wp-json\/wp\/v2\/types\/artigo"}],"version-history":[{"count":1,"href":"https:\/\/ulbra-to.br\/caos\/wp-json\/wp\/v2\/artigo\/289\/revisions"}],"predecessor-version":[{"id":290,"href":"https:\/\/ulbra-to.br\/caos\/wp-json\/wp\/v2\/artigo\/289\/revisions\/290"}],"wp:attachment":[{"href":"https:\/\/ulbra-to.br\/caos\/wp-json\/wp\/v2\/media?parent=289"}],"wp:term":[{"taxonomy":"category","embeddable":true,"href":"https:\/\/ulbra-to.br\/caos\/wp-json\/wp\/v2\/categories?post=289"},{"taxonomy":"post_tag","embeddable":true,"href":"https:\/\/ulbra-to.br\/caos\/wp-json\/wp\/v2\/tags?post=289"}],"curies":[{"name":"wp","href":"https:\/\/api.w.org\/{rel}","templated":true}]}}

A ESCUTA TERAPÊUTICA PELO OLHAR SISTÊMICO

<p>O presente artigo explana a respeito da necessidade de ampliar o olhar para as relações em uma escuta terapêutica, baseando-se na visão sistêmica, o que se configura um processo complexo em que o terapeuta visualiza um sistema como um conjunto de elementos interligados, podendo assim focar nas relações interpessoais. A terapia sistêmica baseia-se, dentre outras coisas, na compreensão dos padrões de comunicação que ocorrem no âmbito social, buscando distinguir relações que causam angústia ou sofrimento.</p>
