











	
{"id":293,"date":"2022-05-02T14:55:07","date_gmt":"2022-05-02T17:55:07","guid":{"rendered":"https:\/\/ulbra-to.br\/caos\/?post_type=artigo&#038;p=293"},"modified":"2022-05-02T14:55:07","modified_gmt":"2022-05-02T17:55:07","slug":"a-luta-das-mulheres-indigenas-contra-a-violencia","status":"publish","type":"artigo","link":"https:\/\/ulbra-to.br\/caos\/artigo\/a-luta-das-mulheres-indigenas-contra-a-violencia\/","title":{"rendered":"A LUTA DAS MULHERES IND\u00cdGENAS CONTRA A VIOL\u00caNCIA"},"content":{"rendered":"\n<p>O presente artigo tem como recorte a viol\u00eancia contra a mulher ind\u00edgena, tema que est\u00e1 presente na vida dessas mulheres e que gera reflexos tanto na sa\u00fade f\u00edsica como mental. Trata-se de uma pesquisa bibliogr\u00e1fica que aborda as condi\u00e7\u00f5es culturais e a necessidade de leis, \u00f3rg\u00e3os e pol\u00edticas afirmativas que garantam a preserva\u00e7\u00e3o dos direitos humanos de mulheres ind\u00edgenas em situa\u00e7\u00f5es de viol\u00eancia. O artigo tem como objetivo apresentar um panorama, buscar as ra\u00edzes e expor as situa\u00e7\u00f5es da viol\u00eancia contra mulheres ind\u00edgenas. Obteve-se como conclus\u00e3o, ao analisar a realidade dessas mulheres, que a viol\u00eancia praticada contra esse grupo possui a sua etiologia transpassada por aspectos da coloniza\u00e7\u00e3o, da cultura machista enraizada na popula\u00e7\u00e3o e de preconceitos e estere\u00f3tipos.<\/p>\n","protected":false},"template":"","categories":[],"tags":[],"_links":{"self":[{"href":"https:\/\/ulbra-to.br\/caos\/wp-json\/wp\/v2\/artigo\/293"}],"collection":[{"href":"https:\/\/ulbra-to.br\/caos\/wp-json\/wp\/v2\/artigo"}],"about":[{"href":"https:\/\/ulbra-to.br\/caos\/wp-json\/wp\/v2\/types\/artigo"}],"version-history":[{"count":1,"href":"https:\/\/ulbra-to.br\/caos\/wp-json\/wp\/v2\/artigo\/293\/revisions"}],"predecessor-version":[{"id":294,"href":"https:\/\/ulbra-to.br\/caos\/wp-json\/wp\/v2\/artigo\/293\/revisions\/294"}],"wp:attachment":[{"href":"https:\/\/ulbra-to.br\/caos\/wp-json\/wp\/v2\/media?parent=293"}],"wp:term":[{"taxonomy":"category","embeddable":true,"href":"https:\/\/ulbra-to.br\/caos\/wp-json\/wp\/v2\/categories?post=293"},{"taxonomy":"post_tag","embeddable":true,"href":"https:\/\/ulbra-to.br\/caos\/wp-json\/wp\/v2\/tags?post=293"}],"curies":[{"name":"wp","href":"https:\/\/api.w.org\/{rel}","templated":true}]}}

A LUTA DAS MULHERES INDÍGENAS CONTRA A VIOLÊNCIA

<p>O presente artigo tem como recorte a violência contra a mulher indígena, tema que está presente na vida dessas mulheres e que gera reflexos tanto na saúde física como mental. Trata-se de uma pesquisa bibliográfica que aborda as condições culturais e a necessidade de leis, órgãos e políticas afirmativas que garantam a preservação dos direitos humanos de mulheres indígenas em situações de violência. O artigo tem como objetivo apresentar um panorama, buscar as raízes e expor as situações da violência contra mulheres indígenas. Obteve-se como conclusão, ao analisar a realidade dessas mulheres, que a violência praticada contra esse grupo possui a sua etiologia transpassada por aspectos da colonização, da cultura machista enraizada na população e de preconceitos e estereótipos.</p>
