











	
{"id":295,"date":"2022-05-02T14:56:18","date_gmt":"2022-05-02T17:56:18","guid":{"rendered":"https:\/\/ulbra-to.br\/caos\/?post_type=artigo&#038;p=295"},"modified":"2022-05-02T14:56:18","modified_gmt":"2022-05-02T17:56:18","slug":"a-morte-e-a-atuacao-do-psicologo-no-contexo-hospitalar-um-relato-de-experiencia","status":"publish","type":"artigo","link":"https:\/\/ulbra-to.br\/caos\/artigo\/a-morte-e-a-atuacao-do-psicologo-no-contexo-hospitalar-um-relato-de-experiencia\/","title":{"rendered":"A MORTE E A ATUA\u00c7\u00c3O DO PSIC\u00d3LOGO NO CONTEXO HOSPITALAR: um Relato de Experi\u00eancia"},"content":{"rendered":"\n<p>Este estudo parte de uma experi\u00eancia vivenciada como atividade da disciplina de Est\u00e1gio B\u00e1sico I, do curso de gradua\u00e7\u00e3o em Psicologia, da cidade de Palmas\/TO. Na ocasi\u00e3o, houve a visita de duas psic\u00f3logas que atuam em hospitais da rede p\u00fablica estadual. Ao compartilharem suas experi\u00eancias sobre a atua\u00e7\u00e3o da psicologia hospitalar, trouxeram relatos frente a pandemia da Covid-19 e o desenrolar do trabalho nesta \u00e1rea, com vivencias inevit\u00e1veis com a morte e o luto. Experi\u00eancias reais doloridas e importantes de serem compartilhadas para a reflex\u00e3o de um novo fazer dentro das institui\u00e7\u00f5es hospitalares, pois os profissionais tiveram que se reinventar diante do per\u00edodo de pandemia. Mediante a revis\u00e3o liter\u00e1ria observou-se diferentes olhares com rela\u00e7\u00e3o a morte, onde e como ela pode acontecer. Essa experi\u00eancia trouxe para os alunos do curso, em especial os autores do estudo, vivencias ricas e emocionantes que possibilitam trazer a morte com uma perspectiva diferente e qui\u00e7\u00e1 beleza no processo, quando poss\u00edvel. Concluindo que h\u00e1 muito o que se fazer pelo paciente, pelos familiares e pela pr\u00f3pria equipe de sa\u00fade que lida constantemente com perdas e ang\u00fastias decorrentes do processo de hospitaliza\u00e7\u00e3o e adoecimento.<\/p>\n","protected":false},"template":"","categories":[],"tags":[],"_links":{"self":[{"href":"https:\/\/ulbra-to.br\/caos\/wp-json\/wp\/v2\/artigo\/295"}],"collection":[{"href":"https:\/\/ulbra-to.br\/caos\/wp-json\/wp\/v2\/artigo"}],"about":[{"href":"https:\/\/ulbra-to.br\/caos\/wp-json\/wp\/v2\/types\/artigo"}],"version-history":[{"count":1,"href":"https:\/\/ulbra-to.br\/caos\/wp-json\/wp\/v2\/artigo\/295\/revisions"}],"predecessor-version":[{"id":296,"href":"https:\/\/ulbra-to.br\/caos\/wp-json\/wp\/v2\/artigo\/295\/revisions\/296"}],"wp:attachment":[{"href":"https:\/\/ulbra-to.br\/caos\/wp-json\/wp\/v2\/media?parent=295"}],"wp:term":[{"taxonomy":"category","embeddable":true,"href":"https:\/\/ulbra-to.br\/caos\/wp-json\/wp\/v2\/categories?post=295"},{"taxonomy":"post_tag","embeddable":true,"href":"https:\/\/ulbra-to.br\/caos\/wp-json\/wp\/v2\/tags?post=295"}],"curies":[{"name":"wp","href":"https:\/\/api.w.org\/{rel}","templated":true}]}}

A MORTE E A ATUAÇÃO DO PSICÓLOGO NO CONTEXO HOSPITALAR: um Relato de Experiência

<p>Este estudo parte de uma experiência vivenciada como atividade da disciplina de Estágio Básico I, do curso de graduação em Psicologia, da cidade de Palmas/TO. Na ocasião, houve a visita de duas psicólogas que atuam em hospitais da rede pública estadual. Ao compartilharem suas experiências sobre a atuação da psicologia hospitalar, trouxeram relatos frente a pandemia da Covid-19 e o desenrolar do trabalho nesta área, com vivencias inevitáveis com a morte e o luto. Experiências reais doloridas e importantes de serem compartilhadas para a reflexão de um novo fazer dentro das instituições hospitalares, pois os profissionais tiveram que se reinventar diante do período de pandemia. Mediante a revisão literária observou-se diferentes olhares com relação a morte, onde e como ela pode acontecer. Essa experiência trouxe para os alunos do curso, em especial os autores do estudo, vivencias ricas e emocionantes que possibilitam trazer a morte com uma perspectiva diferente e quiçá beleza no processo, quando possível. Concluindo que há muito o que se fazer pelo paciente, pelos familiares e pela própria equipe de saúde que lida constantemente com perdas e angústias decorrentes do processo de hospitalização e adoecimento.</p>
