











	
{"id":299,"date":"2022-05-02T14:59:39","date_gmt":"2022-05-02T17:59:39","guid":{"rendered":"https:\/\/ulbra-to.br\/caos\/?post_type=artigo&#038;p=299"},"modified":"2022-05-02T14:59:39","modified_gmt":"2022-05-02T17:59:39","slug":"a-obsessao-pelo-corpo-ideal-e-os-impactos-na-saude-mental-de-homens-praticantes-de-atividade-fisica","status":"publish","type":"artigo","link":"https:\/\/ulbra-to.br\/caos\/artigo\/a-obsessao-pelo-corpo-ideal-e-os-impactos-na-saude-mental-de-homens-praticantes-de-atividade-fisica\/","title":{"rendered":"A OBSESS\u00c3O PELO CORPO IDEAL E OS IMPACTOS NA SA\u00daDE MENTAL DE HOMENS PRATICANTES DE ATIVIDADE F\u00cdSICA"},"content":{"rendered":"\n<p>O presente trabalho discute a obsess\u00e3o pelo corpo ideal e os poss\u00edveis impactos na sa\u00fade mental de homens praticantes de atividade f\u00edsica. Tendo em vista que o corpo humano \u00e9 estudado em v\u00e1rias \u00e1reas do conhecimento e foi visto e valorizado de maneiras diferentes pela sociedade ao longo da hist\u00f3ria, nota-se a import\u00e2ncia de abordar sobre ele na perspectiva da sa\u00fade mental. Dessa forma, o objetivo geral desta pesquisa refere-se a como a obsess\u00e3o pelo corpo ideal pode afetar a sa\u00fade mental de homens que praticam atividade f\u00edsica. Para tanto, tratou-se de uma pesquisa pura\/b\u00e1sica, com objetivos metodol\u00f3gico explorat\u00f3rio e descritivo, de natureza qualitativa e procedimento metodol\u00f3gico de Revis\u00e3o Bibliogr\u00e1fica Sistem\u00e1tica. Os estudos foram pesquisados nos bancos de dados eletr\u00f4nicos Google Acad\u00eamico, SciELO e PubMed entre os dias 23\/03\/2021 \u00e0 14\/04\/2021 e selecionados de acordo com os crit\u00e9rios de inclus\u00e3o e exclus\u00e3o. A partir dos resultados obtidos \u00e9 poss\u00edvel afirmar que a obsess\u00e3o pelo corpo ideal \u00e9 constru\u00edda socialmente com influ\u00eancia da m\u00eddia, dos meios de comunica\u00e7\u00e3o e das pr\u00e1ticas sociais que s\u00e3o passadas a cada gera\u00e7\u00e3o. A pr\u00e1tica exacerbada de atividade f\u00edsica pode culminar no desenvolvimento da vigorexia, al\u00e9m disso, pode causar preju\u00edzos f\u00edsicos, biol\u00f3gicos, psicol\u00f3gicos e sociais. Visto que, pode acarretar doen\u00e7as s\u00e9rias e complica\u00e7\u00f5es em diversas fun\u00e7\u00f5es do corpo, isolamento social, ansiedade, depress\u00e3o, doen\u00e7as hep\u00e1ticas, doen\u00e7as cardiovasculares e outras complica\u00e7\u00f5es.<\/p>\n","protected":false},"template":"","categories":[],"tags":[],"_links":{"self":[{"href":"https:\/\/ulbra-to.br\/caos\/wp-json\/wp\/v2\/artigo\/299"}],"collection":[{"href":"https:\/\/ulbra-to.br\/caos\/wp-json\/wp\/v2\/artigo"}],"about":[{"href":"https:\/\/ulbra-to.br\/caos\/wp-json\/wp\/v2\/types\/artigo"}],"version-history":[{"count":1,"href":"https:\/\/ulbra-to.br\/caos\/wp-json\/wp\/v2\/artigo\/299\/revisions"}],"predecessor-version":[{"id":300,"href":"https:\/\/ulbra-to.br\/caos\/wp-json\/wp\/v2\/artigo\/299\/revisions\/300"}],"wp:attachment":[{"href":"https:\/\/ulbra-to.br\/caos\/wp-json\/wp\/v2\/media?parent=299"}],"wp:term":[{"taxonomy":"category","embeddable":true,"href":"https:\/\/ulbra-to.br\/caos\/wp-json\/wp\/v2\/categories?post=299"},{"taxonomy":"post_tag","embeddable":true,"href":"https:\/\/ulbra-to.br\/caos\/wp-json\/wp\/v2\/tags?post=299"}],"curies":[{"name":"wp","href":"https:\/\/api.w.org\/{rel}","templated":true}]}}

A OBSESSÃO PELO CORPO IDEAL E OS IMPACTOS NA SAÚDE MENTAL DE HOMENS PRATICANTES DE ATIVIDADE FÍSICA

<p>O presente trabalho discute a obsessão pelo corpo ideal e os possíveis impactos na saúde mental de homens praticantes de atividade física. Tendo em vista que o corpo humano é estudado em várias áreas do conhecimento e foi visto e valorizado de maneiras diferentes pela sociedade ao longo da história, nota-se a importância de abordar sobre ele na perspectiva da saúde mental. Dessa forma, o objetivo geral desta pesquisa refere-se a como a obsessão pelo corpo ideal pode afetar a saúde mental de homens que praticam atividade física. Para tanto, tratou-se de uma pesquisa pura/básica, com objetivos metodológico exploratório e descritivo, de natureza qualitativa e procedimento metodológico de Revisão Bibliográfica Sistemática. Os estudos foram pesquisados nos bancos de dados eletrônicos Google Acadêmico, SciELO e PubMed entre os dias 23/03/2021 à 14/04/2021 e selecionados de acordo com os critérios de inclusão e exclusão. A partir dos resultados obtidos é possível afirmar que a obsessão pelo corpo ideal é construída socialmente com influência da mídia, dos meios de comunicação e das práticas sociais que são passadas a cada geração. A prática exacerbada de atividade física pode culminar no desenvolvimento da vigorexia, além disso, pode causar prejuízos físicos, biológicos, psicológicos e sociais. Visto que, pode acarretar doenças sérias e complicações em diversas funções do corpo, isolamento social, ansiedade, depressão, doenças hepáticas, doenças cardiovasculares e outras complicações.</p>
