











	
{"id":301,"date":"2022-05-02T15:01:01","date_gmt":"2022-05-02T18:01:01","guid":{"rendered":"https:\/\/ulbra-to.br\/caos\/?post_type=artigo&#038;p=301"},"modified":"2022-05-02T15:01:01","modified_gmt":"2022-05-02T18:01:01","slug":"a-psicologia-como-instrumento-para-a-garantia-dos-direitos-dos-povos-indigenas","status":"publish","type":"artigo","link":"https:\/\/ulbra-to.br\/caos\/artigo\/a-psicologia-como-instrumento-para-a-garantia-dos-direitos-dos-povos-indigenas\/","title":{"rendered":"A PSICOLOGIA COMO INSTRUMENTO PARA A GARANTIA DOS DIREITOS DOS POVOS IND\u00cdGENAS"},"content":{"rendered":"\n<p>Busca-se com o presente trabalho o alinhamento da perspectiva te\u00f3rica com a realidade pr\u00e1tica sobre a atua\u00e7\u00e3o do profissional em psicologia perante as comunidades tradicionais, no caso, \u00e0s ind\u00edgenas. Este tema mostra-se relevante diante do fato de que ainda \u00e9 carente de abordagem e, assim sendo, revela conter rasa densidade dentro dessa ci\u00eancia. Logo, tais embasamentos s\u00e3o essenciais para compreender n\u00e3o apenas o estado psicol\u00f3gico e social desses grupos, mas tamb\u00e9m o contexto hist\u00f3rico no qual passaram para se inserirem na sociedade da maneira como contemporaneamente \u00e9 feita. Dentre os inclu\u00eddos neste estudo, como j\u00e1 anunciado anteriormente, o destaque ser\u00e1 para os povos ind\u00edgenas, utilizando de uma metodologia de relato de experi\u00eancia, voltado a exposi\u00e7\u00e3o de uma psic\u00f3loga entrevistada, concomitante com a busca de uma fundamenta\u00e7\u00e3o te\u00f3rica sobre a atua\u00e7\u00e3o da psicologia junto a sa\u00fade ind\u00edgena. Percebe-se a necessidade da amplia\u00e7\u00e3o e o fortalecimento destes povos, simultaneamente a uma conscientiza\u00e7\u00e3o sobre suas problem\u00e1ticas por parte das equipes e sa\u00fade que os acompanham. A psicologia atuante com as comunidades ind\u00edgenas ter\u00e1 o compromisso com a sa\u00fade mental desse povo, buscando a garantia da preserva\u00e7\u00e3o dos seus modos de vida, autonomia e diversidade de estilos de vida individuais e coletivos.<\/p>\n","protected":false},"template":"","categories":[],"tags":[],"_links":{"self":[{"href":"https:\/\/ulbra-to.br\/caos\/wp-json\/wp\/v2\/artigo\/301"}],"collection":[{"href":"https:\/\/ulbra-to.br\/caos\/wp-json\/wp\/v2\/artigo"}],"about":[{"href":"https:\/\/ulbra-to.br\/caos\/wp-json\/wp\/v2\/types\/artigo"}],"version-history":[{"count":1,"href":"https:\/\/ulbra-to.br\/caos\/wp-json\/wp\/v2\/artigo\/301\/revisions"}],"predecessor-version":[{"id":302,"href":"https:\/\/ulbra-to.br\/caos\/wp-json\/wp\/v2\/artigo\/301\/revisions\/302"}],"wp:attachment":[{"href":"https:\/\/ulbra-to.br\/caos\/wp-json\/wp\/v2\/media?parent=301"}],"wp:term":[{"taxonomy":"category","embeddable":true,"href":"https:\/\/ulbra-to.br\/caos\/wp-json\/wp\/v2\/categories?post=301"},{"taxonomy":"post_tag","embeddable":true,"href":"https:\/\/ulbra-to.br\/caos\/wp-json\/wp\/v2\/tags?post=301"}],"curies":[{"name":"wp","href":"https:\/\/api.w.org\/{rel}","templated":true}]}}

A PSICOLOGIA COMO INSTRUMENTO PARA A GARANTIA DOS DIREITOS DOS POVOS INDÍGENAS

<p>Busca-se com o presente trabalho o alinhamento da perspectiva teórica com a realidade prática sobre a atuação do profissional em psicologia perante as comunidades tradicionais, no caso, às indígenas. Este tema mostra-se relevante diante do fato de que ainda é carente de abordagem e, assim sendo, revela conter rasa densidade dentro dessa ciência. Logo, tais embasamentos são essenciais para compreender não apenas o estado psicológico e social desses grupos, mas também o contexto histórico no qual passaram para se inserirem na sociedade da maneira como contemporaneamente é feita. Dentre os incluídos neste estudo, como já anunciado anteriormente, o destaque será para os povos indígenas, utilizando de uma metodologia de relato de experiência, voltado a exposição de uma psicóloga entrevistada, concomitante com a busca de uma fundamentação teórica sobre a atuação da psicologia junto a saúde indígena. Percebe-se a necessidade da ampliação e o fortalecimento destes povos, simultaneamente a uma conscientização sobre suas problemáticas por parte das equipes e saúde que os acompanham. A psicologia atuante com as comunidades indígenas terá o compromisso com a saúde mental desse povo, buscando a garantia da preservação dos seus modos de vida, autonomia e diversidade de estilos de vida individuais e coletivos.</p>
