











	
{"id":303,"date":"2022-05-02T15:02:23","date_gmt":"2022-05-02T18:02:23","guid":{"rendered":"https:\/\/ulbra-to.br\/caos\/?post_type=artigo&#038;p=303"},"modified":"2022-05-02T15:02:24","modified_gmt":"2022-05-02T18:02:24","slug":"a-revelacao-da-orientacao-sexual-dos-filhos-e-suas-repercussoes-na-dinamica-familiar","status":"publish","type":"artigo","link":"https:\/\/ulbra-to.br\/caos\/artigo\/a-revelacao-da-orientacao-sexual-dos-filhos-e-suas-repercussoes-na-dinamica-familiar\/","title":{"rendered":"A REVELA\u00c7\u00c3O DA ORIENTA\u00c7\u00c3O SEXUAL DOS FILHOS E SUAS REPERCUSS\u00d5ES NA DIN\u00c2MICA FAMILIAR"},"content":{"rendered":"\n<p>Este trabalho objetiva analisar o cen\u00e1rio da produ\u00e7\u00e3o cient\u00edfica brasileira que versa sobre as repercuss\u00f5es na din\u00e2mica familiar diante da revela\u00e7\u00e3o da orienta\u00e7\u00e3o sexual dos filhos. Trata-se de uma pesquisa b\u00e1sica, de natureza qualitativa, explorat\u00f3ria e procedimento metodol\u00f3gico de revis\u00e3o sistem\u00e1tica da literatura dos \u00faltimos cinco anos. Para o seu desenvolvimento, foram feitas an\u00e1lises nas bases de dados da BDTD e da BVS. Como resultado, obteve-se 15 pesquisas selecionadas. Ao analisar os principais resultados das publica\u00e7\u00f5es, pode-se concluir que a comunica\u00e7\u00e3o no meio familiar sobre sexualidade ainda \u00e9 falha. As buscas de informa\u00e7\u00f5es ocorrem por meio das m\u00eddias sociais, dos amigos e das pr\u00f3prias experi\u00eancias, sendo que h\u00e1 uma vis\u00e3o negativa sobre os indiv\u00edduos que destoam da heteronormatividade, contribuindo assim, com o preconceito e com o aumento da viol\u00eancia. Ressalta-se a necessidade de elabora\u00e7\u00e3o de mais materiais voltados para o di\u00e1logo familiar com os filhos, para o tema da sexualidade, da diversidade e da orienta\u00e7\u00e3o sexual. Pesquisas que v\u00e3o al\u00e9m da interpreta\u00e7\u00e3o dos termos e seus significados, mas que possam ampliar o espa\u00e7o de discuss\u00e3o e reflex\u00e3o para essa tem\u00e1tica em quest\u00e3o.<\/p>\n","protected":false},"template":"","categories":[],"tags":[],"_links":{"self":[{"href":"https:\/\/ulbra-to.br\/caos\/wp-json\/wp\/v2\/artigo\/303"}],"collection":[{"href":"https:\/\/ulbra-to.br\/caos\/wp-json\/wp\/v2\/artigo"}],"about":[{"href":"https:\/\/ulbra-to.br\/caos\/wp-json\/wp\/v2\/types\/artigo"}],"version-history":[{"count":1,"href":"https:\/\/ulbra-to.br\/caos\/wp-json\/wp\/v2\/artigo\/303\/revisions"}],"predecessor-version":[{"id":304,"href":"https:\/\/ulbra-to.br\/caos\/wp-json\/wp\/v2\/artigo\/303\/revisions\/304"}],"wp:attachment":[{"href":"https:\/\/ulbra-to.br\/caos\/wp-json\/wp\/v2\/media?parent=303"}],"wp:term":[{"taxonomy":"category","embeddable":true,"href":"https:\/\/ulbra-to.br\/caos\/wp-json\/wp\/v2\/categories?post=303"},{"taxonomy":"post_tag","embeddable":true,"href":"https:\/\/ulbra-to.br\/caos\/wp-json\/wp\/v2\/tags?post=303"}],"curies":[{"name":"wp","href":"https:\/\/api.w.org\/{rel}","templated":true}]}}

A REVELAÇÃO DA ORIENTAÇÃO SEXUAL DOS FILHOS E SUAS REPERCUSSÕES NA DINÂMICA FAMILIAR

<p>Este trabalho objetiva analisar o cenário da produção científica brasileira que versa sobre as repercussões na dinâmica familiar diante da revelação da orientação sexual dos filhos. Trata-se de uma pesquisa básica, de natureza qualitativa, exploratória e procedimento metodológico de revisão sistemática da literatura dos últimos cinco anos. Para o seu desenvolvimento, foram feitas análises nas bases de dados da BDTD e da BVS. Como resultado, obteve-se 15 pesquisas selecionadas. Ao analisar os principais resultados das publicações, pode-se concluir que a comunicação no meio familiar sobre sexualidade ainda é falha. As buscas de informações ocorrem por meio das mídias sociais, dos amigos e das próprias experiências, sendo que há uma visão negativa sobre os indivíduos que destoam da heteronormatividade, contribuindo assim, com o preconceito e com o aumento da violência. Ressalta-se a necessidade de elaboração de mais materiais voltados para o diálogo familiar com os filhos, para o tema da sexualidade, da diversidade e da orientação sexual. Pesquisas que vão além da interpretação dos termos e seus significados, mas que possam ampliar o espaço de discussão e reflexão para essa temática em questão.</p>
