











	
{"id":309,"date":"2022-05-02T15:08:09","date_gmt":"2022-05-02T18:08:09","guid":{"rendered":"https:\/\/ulbra-to.br\/caos\/?post_type=artigo&#038;p=309"},"modified":"2022-05-02T15:08:10","modified_gmt":"2022-05-02T18:08:10","slug":"atuacao-do-psicologo-juridico-na-mediacao-de-conflitos-a-luz-da-justica-restaurativa","status":"publish","type":"artigo","link":"https:\/\/ulbra-to.br\/caos\/artigo\/atuacao-do-psicologo-juridico-na-mediacao-de-conflitos-a-luz-da-justica-restaurativa\/","title":{"rendered":"ATUA\u00c7\u00c3O DO PSIC\u00d3LOGO JUR\u00cdDICO NA MEDIA\u00c7\u00c3O DE CONFLITOS \u00c0 LUZ DA JUSTI\u00c7A RESTAURATIVA"},"content":{"rendered":"\n<p>Este artigo tem a finalidade de apresentar a ideia do que se entende por psicologia jur\u00eddica na media\u00e7\u00e3o de conflitos. Ademais, faz uma breve explana\u00e7\u00e3o sobre a justi\u00e7a restaurativa e seus desafios diante do modelo de justi\u00e7a retributiva tradicional. Quanto \u00e0 metodologia, realizou-se uma pesquisa b\u00e1sica, bibliogr\u00e1fica e de natureza qualitativa. Desse modo, observa-se que a psicologia em conex\u00e3o com o direito tem contribu\u00eddo para uma compreens\u00e3o de forma panor\u00e2mica do sujeito que est\u00e1 inserido no contexto social. Falar de psicologia jur\u00eddica e da justi\u00e7a restaurativa \u00e9 abrir um espa\u00e7o para a discuss\u00e3o de pol\u00edticas p\u00fablicas, pois ao acolher um infrator das leis e reinseri-lo no espa\u00e7o social, redobra ainda mais o olhar sobre a dignidade da pessoa humana, bem como oportuniza ao indiv\u00edduo encontrar, enquanto ser-nomundo, o seu sentido existencial. Al\u00e9m disso, a justi\u00e7a restaurativa pauta-se numa vis\u00e3o que envolve um processo em que todos os interessados devem compreender a import\u00e2ncia do di\u00e1logo e, sobretudo, da colabora\u00e7\u00e3o, no que diz respeito \u00e0 media\u00e7\u00e3o.<\/p>\n","protected":false},"template":"","categories":[],"tags":[],"_links":{"self":[{"href":"https:\/\/ulbra-to.br\/caos\/wp-json\/wp\/v2\/artigo\/309"}],"collection":[{"href":"https:\/\/ulbra-to.br\/caos\/wp-json\/wp\/v2\/artigo"}],"about":[{"href":"https:\/\/ulbra-to.br\/caos\/wp-json\/wp\/v2\/types\/artigo"}],"version-history":[{"count":1,"href":"https:\/\/ulbra-to.br\/caos\/wp-json\/wp\/v2\/artigo\/309\/revisions"}],"predecessor-version":[{"id":310,"href":"https:\/\/ulbra-to.br\/caos\/wp-json\/wp\/v2\/artigo\/309\/revisions\/310"}],"wp:attachment":[{"href":"https:\/\/ulbra-to.br\/caos\/wp-json\/wp\/v2\/media?parent=309"}],"wp:term":[{"taxonomy":"category","embeddable":true,"href":"https:\/\/ulbra-to.br\/caos\/wp-json\/wp\/v2\/categories?post=309"},{"taxonomy":"post_tag","embeddable":true,"href":"https:\/\/ulbra-to.br\/caos\/wp-json\/wp\/v2\/tags?post=309"}],"curies":[{"name":"wp","href":"https:\/\/api.w.org\/{rel}","templated":true}]}}

ATUAÇÃO DO PSICÓLOGO JURÍDICO NA MEDIAÇÃO DE CONFLITOS À LUZ DA JUSTIÇA RESTAURATIVA

<p>Este artigo tem a finalidade de apresentar a ideia do que se entende por psicologia jurídica na mediação de conflitos. Ademais, faz uma breve explanação sobre a justiça restaurativa e seus desafios diante do modelo de justiça retributiva tradicional. Quanto à metodologia, realizou-se uma pesquisa básica, bibliográfica e de natureza qualitativa. Desse modo, observa-se que a psicologia em conexão com o direito tem contribuído para uma compreensão de forma panorâmica do sujeito que está inserido no contexto social. Falar de psicologia jurídica e da justiça restaurativa é abrir um espaço para a discussão de políticas públicas, pois ao acolher um infrator das leis e reinseri-lo no espaço social, redobra ainda mais o olhar sobre a dignidade da pessoa humana, bem como oportuniza ao indivíduo encontrar, enquanto ser-nomundo, o seu sentido existencial. Além disso, a justiça restaurativa pauta-se numa visão que envolve um processo em que todos os interessados devem compreender a importância do diálogo e, sobretudo, da colaboração, no que diz respeito à mediação.</p>
