











	
{"id":311,"date":"2022-05-02T15:09:38","date_gmt":"2022-05-02T18:09:38","guid":{"rendered":"https:\/\/ulbra-to.br\/caos\/?post_type=artigo&#038;p=311"},"modified":"2022-05-02T15:09:39","modified_gmt":"2022-05-02T18:09:39","slug":"atuacao-da-o-psicologa-o-no-centro-de-referencia-especializado-em-assistencia-social-creas-relato-de-experiencia-de-estagio","status":"publish","type":"artigo","link":"https:\/\/ulbra-to.br\/caos\/artigo\/atuacao-da-o-psicologa-o-no-centro-de-referencia-especializado-em-assistencia-social-creas-relato-de-experiencia-de-estagio\/","title":{"rendered":"ATUA\u00c7\u00c3O DA (O) PSIC\u00d3LOGA (O) NO CENTRO DE REFER\u00caNCIA ESPECIALIZADO EM ASSIST\u00caNCIA SOCIAL &#8211; CREAS: relato de experi\u00eancia de est\u00e1gio."},"content":{"rendered":"\n<p>Este artigo tem como objetivo relatar as atividades desenvolvidas durante a execu\u00e7\u00e3o do Est\u00e1gio Espec\u00edfico em Processos Institucionais e de Sa\u00fade I e II no Centro de Refer\u00eancia Especializado em Assist\u00eancia Social (CREAS) de Palmas \u2013 TO. O texto est\u00e1 organizado da seguinte forma: percurso te\u00f3rico, que apresenta a Psicologia Social Comunit\u00e1ria, o Sistema \u00danico de Assist\u00eancia Social (SUAS), abordando os n\u00edveis de prote\u00e7\u00e3o de forma geral e, especificamente, o CREAS e seus respectivos servi\u00e7os. A atua\u00e7\u00e3o da(o) psic\u00f3loga(o) neste campo \u00e9 descrita, trazendo os resultados que foram alcan\u00e7ados no decorrer dos semestres, as discuss\u00f5es e as considera\u00e7\u00f5es finais das estagi\u00e1rias sobre esta experi\u00eancia, a qual suscitou reflex\u00f5es sobre a import\u00e2ncia de se sair do lugar de conforto que a cl\u00ednica tradicional costuma oferecer. Finalmente, foi poss\u00edvel o aprofundamento em contexto de atua\u00e7\u00e3o que lida com viola\u00e7\u00f5es de direitos diversos, buscando construir e fortalecer os novos modelos de atua\u00e7\u00e3o e\/ou atendimento pela Psicologia.<\/p>\n","protected":false},"template":"","categories":[],"tags":[],"_links":{"self":[{"href":"https:\/\/ulbra-to.br\/caos\/wp-json\/wp\/v2\/artigo\/311"}],"collection":[{"href":"https:\/\/ulbra-to.br\/caos\/wp-json\/wp\/v2\/artigo"}],"about":[{"href":"https:\/\/ulbra-to.br\/caos\/wp-json\/wp\/v2\/types\/artigo"}],"version-history":[{"count":1,"href":"https:\/\/ulbra-to.br\/caos\/wp-json\/wp\/v2\/artigo\/311\/revisions"}],"predecessor-version":[{"id":312,"href":"https:\/\/ulbra-to.br\/caos\/wp-json\/wp\/v2\/artigo\/311\/revisions\/312"}],"wp:attachment":[{"href":"https:\/\/ulbra-to.br\/caos\/wp-json\/wp\/v2\/media?parent=311"}],"wp:term":[{"taxonomy":"category","embeddable":true,"href":"https:\/\/ulbra-to.br\/caos\/wp-json\/wp\/v2\/categories?post=311"},{"taxonomy":"post_tag","embeddable":true,"href":"https:\/\/ulbra-to.br\/caos\/wp-json\/wp\/v2\/tags?post=311"}],"curies":[{"name":"wp","href":"https:\/\/api.w.org\/{rel}","templated":true}]}}

ATUAÇÃO DA (O) PSICÓLOGA (O) NO CENTRO DE REFERÊNCIA ESPECIALIZADO EM ASSISTÊNCIA SOCIAL &#8211; CREAS: relato de experiência de estágio.

<p>Este artigo tem como objetivo relatar as atividades desenvolvidas durante a execução do Estágio Específico em Processos Institucionais e de Saúde I e II no Centro de Referência Especializado em Assistência Social (CREAS) de Palmas – TO. O texto está organizado da seguinte forma: percurso teórico, que apresenta a Psicologia Social Comunitária, o Sistema Único de Assistência Social (SUAS), abordando os níveis de proteção de forma geral e, especificamente, o CREAS e seus respectivos serviços. A atuação da(o) psicóloga(o) neste campo é descrita, trazendo os resultados que foram alcançados no decorrer dos semestres, as discussões e as considerações finais das estagiárias sobre esta experiência, a qual suscitou reflexões sobre a importância de se sair do lugar de conforto que a clínica tradicional costuma oferecer. Finalmente, foi possível o aprofundamento em contexto de atuação que lida com violações de direitos diversos, buscando construir e fortalecer os novos modelos de atuação e/ou atendimento pela Psicologia.</p>
