











	
{"id":313,"date":"2022-05-02T15:11:57","date_gmt":"2022-05-02T18:11:57","guid":{"rendered":"https:\/\/ulbra-to.br\/caos\/?post_type=artigo&#038;p=313"},"modified":"2022-05-02T15:11:58","modified_gmt":"2022-05-02T18:11:58","slug":"declinio-na-saude-mental-gerado-pelos-impactos-da-pandemia-do-coronavirus","status":"publish","type":"artigo","link":"https:\/\/ulbra-to.br\/caos\/artigo\/declinio-na-saude-mental-gerado-pelos-impactos-da-pandemia-do-coronavirus\/","title":{"rendered":"DECL\u00cdNIO NA SA\u00daDE MENTAL GERADO PELOS IMPACTOS DA PANDEMIA DO CORONAV\u00cdRUS"},"content":{"rendered":"\n<p>O presente artigo tem como objetivo apresentar os Decl\u00ednios da Sa\u00fade Mental que foi gerado pelos impactos da pandemia do coronav\u00edrus, tais como preju\u00edzos econ\u00f4micos, perda de entes queridos e desemprego, que potencializados em um momento at\u00edpico no qual se est\u00e1 enfrentando, apresenta um alto risco para a sa\u00fade mental da popula\u00e7\u00e3o. Para a constru\u00e7\u00e3o do artigo, foi utilizado como m\u00e9todo a revis\u00e3o de literatura nas bases de dados Scielo, Lilacs, Pubmed, e Web off Science, com base na pesquisa foi observado alguns impactos na sa\u00fade mental das pessoas, como o aumento das discord\u00e2ncias dentro dos lares, gerado por uma maior conviv\u00eancia marcada por brigas discuss\u00f5es e div\u00f3rcios; o crescimento do estresse, gerado pela diminui\u00e7\u00e3o da renda financeira, entre outros.<\/p>\n","protected":false},"template":"","categories":[],"tags":[],"_links":{"self":[{"href":"https:\/\/ulbra-to.br\/caos\/wp-json\/wp\/v2\/artigo\/313"}],"collection":[{"href":"https:\/\/ulbra-to.br\/caos\/wp-json\/wp\/v2\/artigo"}],"about":[{"href":"https:\/\/ulbra-to.br\/caos\/wp-json\/wp\/v2\/types\/artigo"}],"version-history":[{"count":1,"href":"https:\/\/ulbra-to.br\/caos\/wp-json\/wp\/v2\/artigo\/313\/revisions"}],"predecessor-version":[{"id":314,"href":"https:\/\/ulbra-to.br\/caos\/wp-json\/wp\/v2\/artigo\/313\/revisions\/314"}],"wp:attachment":[{"href":"https:\/\/ulbra-to.br\/caos\/wp-json\/wp\/v2\/media?parent=313"}],"wp:term":[{"taxonomy":"category","embeddable":true,"href":"https:\/\/ulbra-to.br\/caos\/wp-json\/wp\/v2\/categories?post=313"},{"taxonomy":"post_tag","embeddable":true,"href":"https:\/\/ulbra-to.br\/caos\/wp-json\/wp\/v2\/tags?post=313"}],"curies":[{"name":"wp","href":"https:\/\/api.w.org\/{rel}","templated":true}]}}

DECLÍNIO NA SAÚDE MENTAL GERADO PELOS IMPACTOS DA PANDEMIA DO CORONAVÍRUS

<p>O presente artigo tem como objetivo apresentar os Declínios da Saúde Mental que foi gerado pelos impactos da pandemia do coronavírus, tais como prejuízos econômicos, perda de entes queridos e desemprego, que potencializados em um momento atípico no qual se está enfrentando, apresenta um alto risco para a saúde mental da população. Para a construção do artigo, foi utilizado como método a revisão de literatura nas bases de dados Scielo, Lilacs, Pubmed, e Web off Science, com base na pesquisa foi observado alguns impactos na saúde mental das pessoas, como o aumento das discordâncias dentro dos lares, gerado por uma maior convivência marcada por brigas discussões e divórcios; o crescimento do estresse, gerado pela diminuição da renda financeira, entre outros.</p>
