











	
{"id":315,"date":"2022-05-02T15:45:13","date_gmt":"2022-05-02T18:45:13","guid":{"rendered":"https:\/\/ulbra-to.br\/caos\/?post_type=artigo&#038;p=315"},"modified":"2022-05-02T15:45:13","modified_gmt":"2022-05-02T18:45:13","slug":"desafios-na-atuacao-da-psicologia-em-centro-de-referencia-de-assistencia-social-em-contexto-pandemico-relato-de-experiencia-de-estagio","status":"publish","type":"artigo","link":"https:\/\/ulbra-to.br\/caos\/artigo\/desafios-na-atuacao-da-psicologia-em-centro-de-referencia-de-assistencia-social-em-contexto-pandemico-relato-de-experiencia-de-estagio\/","title":{"rendered":"DESAFIOS NA ATUA\u00c7\u00c3O DA PSICOLOGIA EM CENTRO DE REFER\u00caNCIA DE ASSIST\u00caNCIA SOCIAL EM CONTEXTO PAND\u00caMICO: relato de experi\u00eancia de est\u00e1gio"},"content":{"rendered":"\n<p>O presente artigo apresenta o relato de experi\u00eancia de duas estagi\u00e1rias do curso de Psicologia, vivenciadas em um Centro de Refer\u00eancia de Assist\u00eancia Social &#8211; CRAS na cidade de Palmas &#8211; TO, por meio de est\u00e1gio curricular. Este artigo tem como objetivo apresentar as viv\u00eancias e desafios durante um semestre, visto que este aconteceu durante a pandemia da COVID-19, no qual os profissionais, supervisores e estagi\u00e1rios tiveram que adaptar as pr\u00e1ticas diante desse cen\u00e1rio at\u00edpico, de modo a continuar garantindo aos usu\u00e1rios o acesso a seus direitos.<\/p>\n","protected":false},"template":"","categories":[],"tags":[],"_links":{"self":[{"href":"https:\/\/ulbra-to.br\/caos\/wp-json\/wp\/v2\/artigo\/315"}],"collection":[{"href":"https:\/\/ulbra-to.br\/caos\/wp-json\/wp\/v2\/artigo"}],"about":[{"href":"https:\/\/ulbra-to.br\/caos\/wp-json\/wp\/v2\/types\/artigo"}],"version-history":[{"count":1,"href":"https:\/\/ulbra-to.br\/caos\/wp-json\/wp\/v2\/artigo\/315\/revisions"}],"predecessor-version":[{"id":316,"href":"https:\/\/ulbra-to.br\/caos\/wp-json\/wp\/v2\/artigo\/315\/revisions\/316"}],"wp:attachment":[{"href":"https:\/\/ulbra-to.br\/caos\/wp-json\/wp\/v2\/media?parent=315"}],"wp:term":[{"taxonomy":"category","embeddable":true,"href":"https:\/\/ulbra-to.br\/caos\/wp-json\/wp\/v2\/categories?post=315"},{"taxonomy":"post_tag","embeddable":true,"href":"https:\/\/ulbra-to.br\/caos\/wp-json\/wp\/v2\/tags?post=315"}],"curies":[{"name":"wp","href":"https:\/\/api.w.org\/{rel}","templated":true}]}}

DESAFIOS NA ATUAÇÃO DA PSICOLOGIA EM CENTRO DE REFERÊNCIA DE ASSISTÊNCIA SOCIAL EM CONTEXTO PANDÊMICO: relato de experiência de estágio

<p>O presente artigo apresenta o relato de experiência de duas estagiárias do curso de Psicologia, vivenciadas em um Centro de Referência de Assistência Social &#8211; CRAS na cidade de Palmas &#8211; TO, por meio de estágio curricular. Este artigo tem como objetivo apresentar as vivências e desafios durante um semestre, visto que este aconteceu durante a pandemia da COVID-19, no qual os profissionais, supervisores e estagiários tiveram que adaptar as práticas diante desse cenário atípico, de modo a continuar garantindo aos usuários o acesso a seus direitos.</p>
