











	
{"id":317,"date":"2022-05-02T16:09:15","date_gmt":"2022-05-02T19:09:15","guid":{"rendered":"https:\/\/ulbra-to.br\/caos\/?post_type=artigo&#038;p=317"},"modified":"2022-05-02T16:09:15","modified_gmt":"2022-05-02T19:09:15","slug":"diagnostico-situacional-rede-de-atencao-as-pessoas-com-doencas-cronicas-nao-transmissiveis","status":"publish","type":"artigo","link":"https:\/\/ulbra-to.br\/caos\/artigo\/diagnostico-situacional-rede-de-atencao-as-pessoas-com-doencas-cronicas-nao-transmissiveis\/","title":{"rendered":"DIAGN\u00d3STICO SITUACIONAL: REDE DE ATEN\u00c7\u00c3O \u00c0S PESSOAS COM DOEN\u00c7AS CR\u00d4NICAS N\u00c3O TRANSMISS\u00cdVEIS"},"content":{"rendered":"\n<p>O estudo \u00e9 uma revis\u00e3o te\u00f3rica das informa\u00e7\u00f5es pertinentes ao servi\u00e7o aos portadores de doen\u00e7as cr\u00f4nicas n\u00e3o transmiss\u00edveis. O estudo aponta estrat\u00e9gias preventivas para minimizar a incid\u00eancia de doen\u00e7as cr\u00f4nicas n\u00e3o-transmiss\u00edveis ocasionadas por h\u00e1bitos como tabagismo e consumo de \u00e1lcool. O atendimento ao paciente com doen\u00e7as cr\u00f4nicas deve ser integral e requer o cuidado organizado em rede, por\u00e9m o SUS ainda se caracteriza por um alto grau de dispers\u00e3o dos servi\u00e7os, planos, a\u00e7\u00f5es e pr\u00e1tica cl\u00ednica de forma que a modalidade assistencial n\u00e3o acompanha as mudan\u00e7as nas caracter\u00edsticas epidemiol\u00f3gicas da popula\u00e7\u00e3o. Diante do atual quadro de diagn\u00f3stico situacional, \u00e9 preciso empenho do governo em melhorar o atendimento ao usu\u00e1rio e por parte dos cidad\u00e3os em conhecer o funcionamento da Rede de Aten\u00e7\u00e3o para pessoas portadoras de doen\u00e7as cr\u00f4nicas n\u00e3o transmiss\u00edveis, bem como gerar atitudes que gerem fatores de riscos.<\/p>\n","protected":false},"template":"","categories":[],"tags":[],"_links":{"self":[{"href":"https:\/\/ulbra-to.br\/caos\/wp-json\/wp\/v2\/artigo\/317"}],"collection":[{"href":"https:\/\/ulbra-to.br\/caos\/wp-json\/wp\/v2\/artigo"}],"about":[{"href":"https:\/\/ulbra-to.br\/caos\/wp-json\/wp\/v2\/types\/artigo"}],"version-history":[{"count":1,"href":"https:\/\/ulbra-to.br\/caos\/wp-json\/wp\/v2\/artigo\/317\/revisions"}],"predecessor-version":[{"id":318,"href":"https:\/\/ulbra-to.br\/caos\/wp-json\/wp\/v2\/artigo\/317\/revisions\/318"}],"wp:attachment":[{"href":"https:\/\/ulbra-to.br\/caos\/wp-json\/wp\/v2\/media?parent=317"}],"wp:term":[{"taxonomy":"category","embeddable":true,"href":"https:\/\/ulbra-to.br\/caos\/wp-json\/wp\/v2\/categories?post=317"},{"taxonomy":"post_tag","embeddable":true,"href":"https:\/\/ulbra-to.br\/caos\/wp-json\/wp\/v2\/tags?post=317"}],"curies":[{"name":"wp","href":"https:\/\/api.w.org\/{rel}","templated":true}]}}

DIAGNÓSTICO SITUACIONAL: REDE DE ATENÇÃO ÀS PESSOAS COM DOENÇAS CRÔNICAS NÃO TRANSMISSÍVEIS

<p>O estudo é uma revisão teórica das informações pertinentes ao serviço aos portadores de doenças crônicas não transmissíveis. O estudo aponta estratégias preventivas para minimizar a incidência de doenças crônicas não-transmissíveis ocasionadas por hábitos como tabagismo e consumo de álcool. O atendimento ao paciente com doenças crônicas deve ser integral e requer o cuidado organizado em rede, porém o SUS ainda se caracteriza por um alto grau de dispersão dos serviços, planos, ações e prática clínica de forma que a modalidade assistencial não acompanha as mudanças nas características epidemiológicas da população. Diante do atual quadro de diagnóstico situacional, é preciso empenho do governo em melhorar o atendimento ao usuário e por parte dos cidadãos em conhecer o funcionamento da Rede de Atenção para pessoas portadoras de doenças crônicas não transmissíveis, bem como gerar atitudes que gerem fatores de riscos.</p>
