











	
{"id":321,"date":"2022-05-02T16:14:39","date_gmt":"2022-05-02T19:14:39","guid":{"rendered":"https:\/\/ulbra-to.br\/caos\/?post_type=artigo&#038;p=321"},"modified":"2022-05-02T16:14:40","modified_gmt":"2022-05-02T19:14:40","slug":"educacao-superior-um-estudo-sobre-o-crescimento-da-rede-privada-no-estado-do-tocantins","status":"publish","type":"artigo","link":"https:\/\/ulbra-to.br\/caos\/artigo\/educacao-superior-um-estudo-sobre-o-crescimento-da-rede-privada-no-estado-do-tocantins\/","title":{"rendered":"EDUCA\u00c7\u00c3O SUPERIOR: UM ESTUDO SOBRE O CRESCIMENTO DA REDE PRIVADA NO ESTADO DO TOCANTINS"},"content":{"rendered":"\n<p>O artigo apresenta as principais tend\u00eancias da expans\u00e3o da rede privada educa\u00e7\u00e3o superior no Tocantins. O objetivo do trabalho \u00e9 analisar a evolu\u00e7\u00e3o da rede de educa\u00e7\u00e3o superior privada no estado do Tocantins\/TO entre os anos de 2008 e 2018, considerando as Institui\u00e7\u00f5es criadas, a oferta de cursos nas diferentes \u00e1reas de conhecimento, a organiza\u00e7\u00e3o acad\u00eamica e categoria administrativa e as pol\u00edticas governamentais que tenham favorecido essa evolu\u00e7\u00e3o. Configura-se como uma pesquisa b\u00e1sica, de natureza quali-quantitativa, de objetivo metodol\u00f3gico explorat\u00f3rio, com componentes de pesquisa bibliogr\u00e1fica e documental. Conclui-se que a expans\u00e3o ocorrida no ensino superior no Tocantins corrobora com o contexto s\u00f3cio-hist\u00f3rico retratado no cen\u00e1rio nacional, de intensifica\u00e7\u00e3o e valoriza\u00e7\u00e3o do ensino privado em detrimento do ensino p\u00fablico.<\/p>\n","protected":false},"template":"","categories":[],"tags":[],"_links":{"self":[{"href":"https:\/\/ulbra-to.br\/caos\/wp-json\/wp\/v2\/artigo\/321"}],"collection":[{"href":"https:\/\/ulbra-to.br\/caos\/wp-json\/wp\/v2\/artigo"}],"about":[{"href":"https:\/\/ulbra-to.br\/caos\/wp-json\/wp\/v2\/types\/artigo"}],"version-history":[{"count":1,"href":"https:\/\/ulbra-to.br\/caos\/wp-json\/wp\/v2\/artigo\/321\/revisions"}],"predecessor-version":[{"id":322,"href":"https:\/\/ulbra-to.br\/caos\/wp-json\/wp\/v2\/artigo\/321\/revisions\/322"}],"wp:attachment":[{"href":"https:\/\/ulbra-to.br\/caos\/wp-json\/wp\/v2\/media?parent=321"}],"wp:term":[{"taxonomy":"category","embeddable":true,"href":"https:\/\/ulbra-to.br\/caos\/wp-json\/wp\/v2\/categories?post=321"},{"taxonomy":"post_tag","embeddable":true,"href":"https:\/\/ulbra-to.br\/caos\/wp-json\/wp\/v2\/tags?post=321"}],"curies":[{"name":"wp","href":"https:\/\/api.w.org\/{rel}","templated":true}]}}

EDUCAÇÃO SUPERIOR: UM ESTUDO SOBRE O CRESCIMENTO DA REDE PRIVADA NO ESTADO DO TOCANTINS

<p>O artigo apresenta as principais tendências da expansão da rede privada educação superior no Tocantins. O objetivo do trabalho é analisar a evolução da rede de educação superior privada no estado do Tocantins/TO entre os anos de 2008 e 2018, considerando as Instituições criadas, a oferta de cursos nas diferentes áreas de conhecimento, a organização acadêmica e categoria administrativa e as políticas governamentais que tenham favorecido essa evolução. Configura-se como uma pesquisa básica, de natureza quali-quantitativa, de objetivo metodológico exploratório, com componentes de pesquisa bibliográfica e documental. Conclui-se que a expansão ocorrida no ensino superior no Tocantins corrobora com o contexto sócio-histórico retratado no cenário nacional, de intensificação e valorização do ensino privado em detrimento do ensino público.</p>
