











	
{"id":323,"date":"2022-05-02T16:21:44","date_gmt":"2022-05-02T19:21:44","guid":{"rendered":"https:\/\/ulbra-to.br\/caos\/?post_type=artigo&#038;p=323"},"modified":"2022-05-02T16:21:44","modified_gmt":"2022-05-02T19:21:44","slug":"efeitos-do-uso-da-terapia-focada-na-compaixao-em-grupo-de-familiares-de-portadores-de-transtorno-do-espectro-autista","status":"publish","type":"artigo","link":"https:\/\/ulbra-to.br\/caos\/artigo\/efeitos-do-uso-da-terapia-focada-na-compaixao-em-grupo-de-familiares-de-portadores-de-transtorno-do-espectro-autista\/","title":{"rendered":"EFEITOS DO USO DA TERAPIA FOCADA NA COMPAIX\u00c3O EM GRUPO DE FAMILIARES DE PORTADORES DE TRANSTORNO DO ESPECTRO AUTISTA"},"content":{"rendered":"\n<p>Pais de portadores do Transtorno do Espectro Autista (TEA) vivenciam muitos desafios diariamente e, por consequ\u00eancia, passam por sofrimentos emocionais que comprometem a sa\u00fade mental. Devido a extrema dedica\u00e7\u00e3o que a circunst\u00e2ncia exige, muitas vezes o cuidador fica sem cuidado. A interven\u00e7\u00e3o teve como objetivo proporcionar aten\u00e7\u00e3o psicossocial e escuta qualificada aos familiares de portadores de TEA, aplicando a t\u00e9cnica da Terapia Focada na Compaix\u00e3o (TFC), com \u00eanfase na promo\u00e7\u00e3o da sa\u00fade, caracterizando-se como possibilidade de interven\u00e7\u00e3o em diferentes processos. A TFC tem como foco a compreens\u00e3o de \u00e1reas referentes a sistemas de regula\u00e7\u00e3o do afeto e a import\u00e2ncia das rela\u00e7\u00f5es afiliativas e gentis na regula\u00e7\u00e3o de estados mentais, incluindo mecanismos para a terapia e mudan\u00e7a. Os resultados permitiram conhecer o significado e a contribui\u00e7\u00e3o da rede social de apoio. O treino da compaix\u00e3o oferece benef\u00edcios terap\u00eauticos, psicol\u00f3gicos e fisiol\u00f3gicos.<\/p>\n","protected":false},"template":"","categories":[],"tags":[],"_links":{"self":[{"href":"https:\/\/ulbra-to.br\/caos\/wp-json\/wp\/v2\/artigo\/323"}],"collection":[{"href":"https:\/\/ulbra-to.br\/caos\/wp-json\/wp\/v2\/artigo"}],"about":[{"href":"https:\/\/ulbra-to.br\/caos\/wp-json\/wp\/v2\/types\/artigo"}],"version-history":[{"count":1,"href":"https:\/\/ulbra-to.br\/caos\/wp-json\/wp\/v2\/artigo\/323\/revisions"}],"predecessor-version":[{"id":324,"href":"https:\/\/ulbra-to.br\/caos\/wp-json\/wp\/v2\/artigo\/323\/revisions\/324"}],"wp:attachment":[{"href":"https:\/\/ulbra-to.br\/caos\/wp-json\/wp\/v2\/media?parent=323"}],"wp:term":[{"taxonomy":"category","embeddable":true,"href":"https:\/\/ulbra-to.br\/caos\/wp-json\/wp\/v2\/categories?post=323"},{"taxonomy":"post_tag","embeddable":true,"href":"https:\/\/ulbra-to.br\/caos\/wp-json\/wp\/v2\/tags?post=323"}],"curies":[{"name":"wp","href":"https:\/\/api.w.org\/{rel}","templated":true}]}}

EFEITOS DO USO DA TERAPIA FOCADA NA COMPAIXÃO EM GRUPO DE FAMILIARES DE PORTADORES DE TRANSTORNO DO ESPECTRO AUTISTA

<p>Pais de portadores do Transtorno do Espectro Autista (TEA) vivenciam muitos desafios diariamente e, por consequência, passam por sofrimentos emocionais que comprometem a saúde mental. Devido a extrema dedicação que a circunstância exige, muitas vezes o cuidador fica sem cuidado. A intervenção teve como objetivo proporcionar atenção psicossocial e escuta qualificada aos familiares de portadores de TEA, aplicando a técnica da Terapia Focada na Compaixão (TFC), com ênfase na promoção da saúde, caracterizando-se como possibilidade de intervenção em diferentes processos. A TFC tem como foco a compreensão de áreas referentes a sistemas de regulação do afeto e a importância das relações afiliativas e gentis na regulação de estados mentais, incluindo mecanismos para a terapia e mudança. Os resultados permitiram conhecer o significado e a contribuição da rede social de apoio. O treino da compaixão oferece benefícios terapêuticos, psicológicos e fisiológicos.</p>
