











	
{"id":327,"date":"2022-05-02T16:26:22","date_gmt":"2022-05-02T19:26:22","guid":{"rendered":"https:\/\/ulbra-to.br\/caos\/?post_type=artigo&#038;p=327"},"modified":"2022-05-02T16:26:22","modified_gmt":"2022-05-02T19:26:22","slug":"evasao-no-ensino-superior-privado-desafios-no-periodo-da-pandemia-de-covid-19","status":"publish","type":"artigo","link":"https:\/\/ulbra-to.br\/caos\/artigo\/evasao-no-ensino-superior-privado-desafios-no-periodo-da-pandemia-de-covid-19\/","title":{"rendered":"EVAS\u00c3O NO ENSINO SUPERIOR PRIVADO: desafios no per\u00edodo da pandemia de COVID-19"},"content":{"rendered":"\n<p>A pandemia do COVID-19 transformou repentinamente a vida das pessoas em todo o mundo com implica\u00e7\u00f5es na maneira de trabalhar, estudar, relacionar, afetando de forma significativa o bem-estar f\u00edsico e mental. O presente artigo tem como objetivo levantar e discutir os principais fatores que levaram \u00e0 evas\u00e3o dos alunos nas institui\u00e7\u00f5es de ensino superior privada no per\u00edodo pand\u00eamico, considerando assim como os impactos sociais, psicol\u00f3gicos e econ\u00f4micos, influenciaram na decis\u00e3o dos estudantes universit\u00e1rios em interromperem as atividades acad\u00eamicas. E assim, atrav\u00e9s de ampla pesquisa bibliogr\u00e1fica pode-se compreender que a evas\u00e3o escolar precisa ser analisada de perto, observando assim os aspectos diretamente relacionados a vida de cada sujeito.<\/p>\n","protected":false},"template":"","categories":[],"tags":[],"_links":{"self":[{"href":"https:\/\/ulbra-to.br\/caos\/wp-json\/wp\/v2\/artigo\/327"}],"collection":[{"href":"https:\/\/ulbra-to.br\/caos\/wp-json\/wp\/v2\/artigo"}],"about":[{"href":"https:\/\/ulbra-to.br\/caos\/wp-json\/wp\/v2\/types\/artigo"}],"version-history":[{"count":1,"href":"https:\/\/ulbra-to.br\/caos\/wp-json\/wp\/v2\/artigo\/327\/revisions"}],"predecessor-version":[{"id":328,"href":"https:\/\/ulbra-to.br\/caos\/wp-json\/wp\/v2\/artigo\/327\/revisions\/328"}],"wp:attachment":[{"href":"https:\/\/ulbra-to.br\/caos\/wp-json\/wp\/v2\/media?parent=327"}],"wp:term":[{"taxonomy":"category","embeddable":true,"href":"https:\/\/ulbra-to.br\/caos\/wp-json\/wp\/v2\/categories?post=327"},{"taxonomy":"post_tag","embeddable":true,"href":"https:\/\/ulbra-to.br\/caos\/wp-json\/wp\/v2\/tags?post=327"}],"curies":[{"name":"wp","href":"https:\/\/api.w.org\/{rel}","templated":true}]}}

EVASÃO NO ENSINO SUPERIOR PRIVADO: desafios no período da pandemia de COVID-19

<p>A pandemia do COVID-19 transformou repentinamente a vida das pessoas em todo o mundo com implicações na maneira de trabalhar, estudar, relacionar, afetando de forma significativa o bem-estar físico e mental. O presente artigo tem como objetivo levantar e discutir os principais fatores que levaram à evasão dos alunos nas instituições de ensino superior privada no período pandêmico, considerando assim como os impactos sociais, psicológicos e econômicos, influenciaram na decisão dos estudantes universitários em interromperem as atividades acadêmicas. E assim, através de ampla pesquisa bibliográfica pode-se compreender que a evasão escolar precisa ser analisada de perto, observando assim os aspectos diretamente relacionados a vida de cada sujeito.</p>
