











	
{"id":329,"date":"2022-05-02T16:27:28","date_gmt":"2022-05-02T19:27:28","guid":{"rendered":"https:\/\/ulbra-to.br\/caos\/?post_type=artigo&#038;p=329"},"modified":"2022-05-02T16:27:29","modified_gmt":"2022-05-02T19:27:29","slug":"grupo-terapeutico-de-orientacao-profissional-como-alternativa-a-reducao-de-niveis-ansiogenicos-em-jovens","status":"publish","type":"artigo","link":"https:\/\/ulbra-to.br\/caos\/artigo\/grupo-terapeutico-de-orientacao-profissional-como-alternativa-a-reducao-de-niveis-ansiogenicos-em-jovens\/","title":{"rendered":"GRUPO TERAP\u00caUTICO DE ORIENTA\u00c7\u00c3O PROFISSIONAL COMO ALTERNATIVA \u00c0 REDU\u00c7\u00c3O DE N\u00cdVEIS ANSIOG\u00caNICOS EM JOVENS"},"content":{"rendered":"\n<p>O presente artigo visa analisar os resultados de um projeto de Orienta\u00e7\u00e3o Profissional desenvolvido no SEPSI, com um grupo de jovens residentes em Palmas-TO, que buscaram o servi\u00e7o na institui\u00e7\u00e3o. O trabalho foi desenvolvido a partir do arcabou\u00e7o te\u00f3rico behaviorista, que compreende o comportamento humano como algo observ\u00e1vel, mensur\u00e1vel e model\u00e1vel, a partir de est\u00edmulos que podem ser positivos ou negativos. Foram realizados oito encontros com os jovens, aplicando atividades e t\u00e9cnicas da Orienta\u00e7\u00e3o Profissional, sendo poss\u00edvel perceber a import\u00e2ncia fulcral de um projeto desta natureza, haja vista a faixa et\u00e1ria dos envolvidos, que \u00e9 de transforma\u00e7\u00f5es, incertezas e inseguran\u00e7as.<\/p>\n","protected":false},"template":"","categories":[],"tags":[],"_links":{"self":[{"href":"https:\/\/ulbra-to.br\/caos\/wp-json\/wp\/v2\/artigo\/329"}],"collection":[{"href":"https:\/\/ulbra-to.br\/caos\/wp-json\/wp\/v2\/artigo"}],"about":[{"href":"https:\/\/ulbra-to.br\/caos\/wp-json\/wp\/v2\/types\/artigo"}],"version-history":[{"count":1,"href":"https:\/\/ulbra-to.br\/caos\/wp-json\/wp\/v2\/artigo\/329\/revisions"}],"predecessor-version":[{"id":330,"href":"https:\/\/ulbra-to.br\/caos\/wp-json\/wp\/v2\/artigo\/329\/revisions\/330"}],"wp:attachment":[{"href":"https:\/\/ulbra-to.br\/caos\/wp-json\/wp\/v2\/media?parent=329"}],"wp:term":[{"taxonomy":"category","embeddable":true,"href":"https:\/\/ulbra-to.br\/caos\/wp-json\/wp\/v2\/categories?post=329"},{"taxonomy":"post_tag","embeddable":true,"href":"https:\/\/ulbra-to.br\/caos\/wp-json\/wp\/v2\/tags?post=329"}],"curies":[{"name":"wp","href":"https:\/\/api.w.org\/{rel}","templated":true}]}}

GRUPO TERAPÊUTICO DE ORIENTAÇÃO PROFISSIONAL COMO ALTERNATIVA À REDUÇÃO DE NÍVEIS ANSIOGÊNICOS EM JOVENS

<p>O presente artigo visa analisar os resultados de um projeto de Orientação Profissional desenvolvido no SEPSI, com um grupo de jovens residentes em Palmas-TO, que buscaram o serviço na instituição. O trabalho foi desenvolvido a partir do arcabouço teórico behaviorista, que compreende o comportamento humano como algo observável, mensurável e modelável, a partir de estímulos que podem ser positivos ou negativos. Foram realizados oito encontros com os jovens, aplicando atividades e técnicas da Orientação Profissional, sendo possível perceber a importância fulcral de um projeto desta natureza, haja vista a faixa etária dos envolvidos, que é de transformações, incertezas e inseguranças.</p>
