











	
{"id":333,"date":"2022-05-02T16:29:51","date_gmt":"2022-05-02T19:29:51","guid":{"rendered":"https:\/\/ulbra-to.br\/caos\/?post_type=artigo&#038;p=333"},"modified":"2022-05-02T16:29:51","modified_gmt":"2022-05-02T19:29:51","slug":"mulheres-encarceradas-a-importancia-da-psicologia-no-ambito-da-upf-unidade-penal-feminina","status":"publish","type":"artigo","link":"https:\/\/ulbra-to.br\/caos\/artigo\/mulheres-encarceradas-a-importancia-da-psicologia-no-ambito-da-upf-unidade-penal-feminina\/","title":{"rendered":"MULHERES ENCARCERADAS: A IMPORT\u00c2NCIA DA PSICOLOGIA NO \u00c2MBITO DA UPF &#8211; UNIDADE PENAL FEMININA"},"content":{"rendered":"\n<p>A Psicologia se divide em diversas \u00e1reas de atua\u00e7\u00e3o e tem avan\u00e7ado significantemente no \u00e2mbito do sistema prisional, onde os psic\u00f3logos atuam nas penitenci\u00e1rias por for\u00e7a das determina\u00e7\u00f5es contidas na Lei de Execu\u00e7\u00f5es Penais (Lei n\u00ba 7210\/84), desenvolvendo atendimento \u00e0s pessoas custodiadas e fazendo o acompanhamento psicol\u00f3gico quando necess\u00e1rio. O trabalho trata da percep\u00e7\u00e3o das presas sobre o atendimento psicol\u00f3gico aplicado na unidade prisional feminina. Constata-se que apesar da car\u00eancia de profissionais para promover o acompanhamento mais frequente, o suporte e apoio dos atendimentos \u00e9 indispens\u00e1vel, ainda que deficit\u00e1rio, para proporcionar uma melhora significativa na sa\u00fade mental das presas. A escuta psicol\u00f3gica se mostra importante para que as custodiadas dividam suas hist\u00f3rias muitas vezes tormentosas, apresentem suas ang\u00fastias, sofrimentos, esperan\u00e7as, expectativas e sonhos. Neste sentido, destacase a necessidade de inserir essas mulheres no contexto de empoderamento possibilitando que mesmo no c\u00e1rcere tenham o m\u00ednimo de dignidade para cumprir suas penas, explicitando a necessidade de ampliar os atendimentos contratando n\u00famero suficiente de profissionais para atuar efetivamente em todas as unidades penais femininas do Estado do Tocantins.<\/p>\n","protected":false},"template":"","categories":[],"tags":[],"_links":{"self":[{"href":"https:\/\/ulbra-to.br\/caos\/wp-json\/wp\/v2\/artigo\/333"}],"collection":[{"href":"https:\/\/ulbra-to.br\/caos\/wp-json\/wp\/v2\/artigo"}],"about":[{"href":"https:\/\/ulbra-to.br\/caos\/wp-json\/wp\/v2\/types\/artigo"}],"version-history":[{"count":1,"href":"https:\/\/ulbra-to.br\/caos\/wp-json\/wp\/v2\/artigo\/333\/revisions"}],"predecessor-version":[{"id":334,"href":"https:\/\/ulbra-to.br\/caos\/wp-json\/wp\/v2\/artigo\/333\/revisions\/334"}],"wp:attachment":[{"href":"https:\/\/ulbra-to.br\/caos\/wp-json\/wp\/v2\/media?parent=333"}],"wp:term":[{"taxonomy":"category","embeddable":true,"href":"https:\/\/ulbra-to.br\/caos\/wp-json\/wp\/v2\/categories?post=333"},{"taxonomy":"post_tag","embeddable":true,"href":"https:\/\/ulbra-to.br\/caos\/wp-json\/wp\/v2\/tags?post=333"}],"curies":[{"name":"wp","href":"https:\/\/api.w.org\/{rel}","templated":true}]}}

MULHERES ENCARCERADAS: A IMPORTÂNCIA DA PSICOLOGIA NO ÂMBITO DA UPF &#8211; UNIDADE PENAL FEMININA

<p>A Psicologia se divide em diversas áreas de atuação e tem avançado significantemente no âmbito do sistema prisional, onde os psicólogos atuam nas penitenciárias por força das determinações contidas na Lei de Execuções Penais (Lei nº 7210/84), desenvolvendo atendimento às pessoas custodiadas e fazendo o acompanhamento psicológico quando necessário. O trabalho trata da percepção das presas sobre o atendimento psicológico aplicado na unidade prisional feminina. Constata-se que apesar da carência de profissionais para promover o acompanhamento mais frequente, o suporte e apoio dos atendimentos é indispensável, ainda que deficitário, para proporcionar uma melhora significativa na saúde mental das presas. A escuta psicológica se mostra importante para que as custodiadas dividam suas histórias muitas vezes tormentosas, apresentem suas angústias, sofrimentos, esperanças, expectativas e sonhos. Neste sentido, destacase a necessidade de inserir essas mulheres no contexto de empoderamento possibilitando que mesmo no cárcere tenham o mínimo de dignidade para cumprir suas penas, explicitando a necessidade de ampliar os atendimentos contratando número suficiente de profissionais para atuar efetivamente em todas as unidades penais femininas do Estado do Tocantins.</p>
