











	
{"id":335,"date":"2022-05-02T16:32:04","date_gmt":"2022-05-02T19:32:04","guid":{"rendered":"https:\/\/ulbra-to.br\/caos\/?post_type=artigo&#038;p=335"},"modified":"2022-05-02T16:32:05","modified_gmt":"2022-05-02T19:32:05","slug":"o-adulto-jovem-e-o-mercado-de-trabalho","status":"publish","type":"artigo","link":"https:\/\/ulbra-to.br\/caos\/artigo\/o-adulto-jovem-e-o-mercado-de-trabalho\/","title":{"rendered":"O ADULTO JOVEM E O MERCADO DE TRABALHO"},"content":{"rendered":"\n<p>Trata-se de artigo no qual se buscou, em revis\u00e3o de literatura, trazer algumas reflex\u00f5es sobre as dificuldades que encontra o adulto jovem para se colocar no mercado de trabalho, em especial os rec\u00e9m-formados com idade entre os 20 e 30 anos. Tem como finalidade saber qual o panorama, em especial no Brasil, em rela\u00e7\u00e3o \u00e0 mat\u00e9ria acima contextualizada. A metodologia aplicada foi a busca em livros e artigos cient\u00edficos relacionados ao adulto jovem e mercado de trabalho, tamb\u00e9m a contextualiza\u00e7\u00e3o atrav\u00e9s de estudo sobre a adolesc\u00eancia, estado de morat\u00f3ria, oferta de est\u00e1gios aos iniciantes, dificuldades em rela\u00e7\u00e3o \u00e0 crise econ\u00f4mica mundial. Encontrou-se, como resultado, que o estado de morat\u00f3ria n\u00e3o tem rela\u00e7\u00e3o com as dificuldades enfrentadas pelo adulto jovem, mas o mesmo n\u00e3o ocorre face \u00e0 falta de experi\u00eancia, barreiras de mercado e \u00e0 crise econ\u00f4mica que afetam a oferta de trabalho em especial aos adultos jovens rec\u00e9m-formados e sem experi\u00eancia na idade, em torno, de 20 a 25 anos.<\/p>\n","protected":false},"template":"","categories":[],"tags":[],"_links":{"self":[{"href":"https:\/\/ulbra-to.br\/caos\/wp-json\/wp\/v2\/artigo\/335"}],"collection":[{"href":"https:\/\/ulbra-to.br\/caos\/wp-json\/wp\/v2\/artigo"}],"about":[{"href":"https:\/\/ulbra-to.br\/caos\/wp-json\/wp\/v2\/types\/artigo"}],"version-history":[{"count":1,"href":"https:\/\/ulbra-to.br\/caos\/wp-json\/wp\/v2\/artigo\/335\/revisions"}],"predecessor-version":[{"id":336,"href":"https:\/\/ulbra-to.br\/caos\/wp-json\/wp\/v2\/artigo\/335\/revisions\/336"}],"wp:attachment":[{"href":"https:\/\/ulbra-to.br\/caos\/wp-json\/wp\/v2\/media?parent=335"}],"wp:term":[{"taxonomy":"category","embeddable":true,"href":"https:\/\/ulbra-to.br\/caos\/wp-json\/wp\/v2\/categories?post=335"},{"taxonomy":"post_tag","embeddable":true,"href":"https:\/\/ulbra-to.br\/caos\/wp-json\/wp\/v2\/tags?post=335"}],"curies":[{"name":"wp","href":"https:\/\/api.w.org\/{rel}","templated":true}]}}

<p>Trata-se de artigo no qual se buscou, em revisão de literatura, trazer algumas reflexões sobre as dificuldades que encontra o adulto jovem para se colocar no mercado de trabalho, em especial os recém-formados com idade entre os 20 e 30 anos. Tem como finalidade saber qual o panorama, em especial no Brasil, em relação à matéria acima contextualizada. A metodologia aplicada foi a busca em livros e artigos científicos relacionados ao adulto jovem e mercado de trabalho, também a contextualização através de estudo sobre a adolescência, estado de moratória, oferta de estágios aos iniciantes, dificuldades em relação à crise econômica mundial. Encontrou-se, como resultado, que o estado de moratória não tem relação com as dificuldades enfrentadas pelo adulto jovem, mas o mesmo não ocorre face à falta de experiência, barreiras de mercado e à crise econômica que afetam a oferta de trabalho em especial aos adultos jovens recém-formados e sem experiência na idade, em torno, de 20 a 25 anos.</p>
