











	
{"id":337,"date":"2022-05-02T16:33:14","date_gmt":"2022-05-02T19:33:14","guid":{"rendered":"https:\/\/ulbra-to.br\/caos\/?post_type=artigo&#038;p=337"},"modified":"2022-05-02T16:33:14","modified_gmt":"2022-05-02T19:33:14","slug":"o-centro-de-referencia-especializado-de-assistencia-social-a-violacao-de-direitos-e-a-psicologia-comunitaria-reflexoes-a-partir-de-uma-experiencia-de-estagio","status":"publish","type":"artigo","link":"https:\/\/ulbra-to.br\/caos\/artigo\/o-centro-de-referencia-especializado-de-assistencia-social-a-violacao-de-direitos-e-a-psicologia-comunitaria-reflexoes-a-partir-de-uma-experiencia-de-estagio\/","title":{"rendered":"O CENTRO DE REFER\u00caNCIA ESPECIALIZADO DE ASSIST\u00caNCIA SOCIAL, A VIOLA\u00c7\u00c3O DE DIREITOS E A PSICOLOGIA COMUNIT\u00c1RIA: reflex\u00f5es a partir de uma experi\u00eancia de est\u00e1gio"},"content":{"rendered":"\n<p>O presente artigo tem como objetivo apresentar um paralelo entre Psicologia Comunit\u00e1ria, o Centro de Refer\u00eancia Especializado de Assist\u00eancia Social, a atua\u00e7\u00e3o da equipe integrante deste servi\u00e7o e como se d\u00e3o os atendimentos nesse contexto. O estudo buscou promover discuss\u00e3o sobre o tema a partir do que foi suscitado pela experi\u00eancia de est\u00e1gio curricular de Psicologia, realizado ao longo do ano de 2021, na cidade de Palmas \u2013 TO, quando se p\u00f4de vivenciar o dia a dia da atua\u00e7\u00e3o desse estrat\u00e9gico servi\u00e7o do Sistema \u00danico da Assist\u00eancia Social e identificar desafios a serem superados, especialmente no que se refere ao fortalecimento da Pol\u00edtica P\u00fablica de Assist\u00eancia Social (PNAS)<\/p>\n","protected":false},"template":"","categories":[],"tags":[],"_links":{"self":[{"href":"https:\/\/ulbra-to.br\/caos\/wp-json\/wp\/v2\/artigo\/337"}],"collection":[{"href":"https:\/\/ulbra-to.br\/caos\/wp-json\/wp\/v2\/artigo"}],"about":[{"href":"https:\/\/ulbra-to.br\/caos\/wp-json\/wp\/v2\/types\/artigo"}],"version-history":[{"count":1,"href":"https:\/\/ulbra-to.br\/caos\/wp-json\/wp\/v2\/artigo\/337\/revisions"}],"predecessor-version":[{"id":338,"href":"https:\/\/ulbra-to.br\/caos\/wp-json\/wp\/v2\/artigo\/337\/revisions\/338"}],"wp:attachment":[{"href":"https:\/\/ulbra-to.br\/caos\/wp-json\/wp\/v2\/media?parent=337"}],"wp:term":[{"taxonomy":"category","embeddable":true,"href":"https:\/\/ulbra-to.br\/caos\/wp-json\/wp\/v2\/categories?post=337"},{"taxonomy":"post_tag","embeddable":true,"href":"https:\/\/ulbra-to.br\/caos\/wp-json\/wp\/v2\/tags?post=337"}],"curies":[{"name":"wp","href":"https:\/\/api.w.org\/{rel}","templated":true}]}}

O CENTRO DE REFERÊNCIA ESPECIALIZADO DE ASSISTÊNCIA SOCIAL, A VIOLAÇÃO DE DIREITOS E A PSICOLOGIA COMUNITÁRIA: reflexões a partir de uma experiência de estágio

<p>O presente artigo tem como objetivo apresentar um paralelo entre Psicologia Comunitária, o Centro de Referência Especializado de Assistência Social, a atuação da equipe integrante deste serviço e como se dão os atendimentos nesse contexto. O estudo buscou promover discussão sobre o tema a partir do que foi suscitado pela experiência de estágio curricular de Psicologia, realizado ao longo do ano de 2021, na cidade de Palmas – TO, quando se pôde vivenciar o dia a dia da atuação desse estratégico serviço do Sistema Único da Assistência Social e identificar desafios a serem superados, especialmente no que se refere ao fortalecimento da Política Pública de Assistência Social (PNAS)</p>
