











	
{"id":339,"date":"2022-05-02T16:34:55","date_gmt":"2022-05-02T19:34:55","guid":{"rendered":"https:\/\/ulbra-to.br\/caos\/?post_type=artigo&#038;p=339"},"modified":"2022-05-02T16:34:55","modified_gmt":"2022-05-02T19:34:55","slug":"o-impacto-da-tecnologia-na-infancia","status":"publish","type":"artigo","link":"https:\/\/ulbra-to.br\/caos\/artigo\/o-impacto-da-tecnologia-na-infancia\/","title":{"rendered":"O IMPACTO DA TECNOLOGIA NA INF\u00c2NCIA"},"content":{"rendered":"\n<p>Este trabalho tem como tema o impacto da tecnologia na inf\u00e2ncia e justifica-se pela necessidade de compreender a rela\u00e7\u00e3o entre inf\u00e2ncia e tecnologia estabelecida na atualidade e suas implica\u00e7\u00f5es. O objetivo foi contextualizar as consequ\u00eancias geradas no desenvolvimento da crian\u00e7a pelo uso exagerado da tecnologia, como objetivos espec\u00edficos identificar quais consequ\u00eancias; analisar os benef\u00edcios; compreender se o uso exagerado da tecnologia na inf\u00e2ncia prejudica o desenvolvimento das rela\u00e7\u00f5es sociais. A metodologia usada foi \u00e0 pesquisa de campo, que teve como p\u00fablico alvo genitores de crian\u00e7as da faixa et\u00e1ria entre 0 a 12 anos, e alcan\u00e7ou ao total 81 genitores. Teve como ferramenta para an\u00e1lise e coleta de dados o formul\u00e1rio da plataforma do Google, caracterizada como uma pesquisa p\u00fablica. Conclui-se que o uso das ferramentas tecnol\u00f3gicas em excesso \u00e9 prejudicial para a forma\u00e7\u00e3o e o desenvolvimento das crian\u00e7as. No entanto, quando utilizadas de forma moderada, t\u00eam influ\u00eancia positiva e podem oferecer benef\u00edcios.<\/p>\n","protected":false},"template":"","categories":[],"tags":[],"_links":{"self":[{"href":"https:\/\/ulbra-to.br\/caos\/wp-json\/wp\/v2\/artigo\/339"}],"collection":[{"href":"https:\/\/ulbra-to.br\/caos\/wp-json\/wp\/v2\/artigo"}],"about":[{"href":"https:\/\/ulbra-to.br\/caos\/wp-json\/wp\/v2\/types\/artigo"}],"version-history":[{"count":1,"href":"https:\/\/ulbra-to.br\/caos\/wp-json\/wp\/v2\/artigo\/339\/revisions"}],"predecessor-version":[{"id":340,"href":"https:\/\/ulbra-to.br\/caos\/wp-json\/wp\/v2\/artigo\/339\/revisions\/340"}],"wp:attachment":[{"href":"https:\/\/ulbra-to.br\/caos\/wp-json\/wp\/v2\/media?parent=339"}],"wp:term":[{"taxonomy":"category","embeddable":true,"href":"https:\/\/ulbra-to.br\/caos\/wp-json\/wp\/v2\/categories?post=339"},{"taxonomy":"post_tag","embeddable":true,"href":"https:\/\/ulbra-to.br\/caos\/wp-json\/wp\/v2\/tags?post=339"}],"curies":[{"name":"wp","href":"https:\/\/api.w.org\/{rel}","templated":true}]}}

O IMPACTO DA TECNOLOGIA NA INFÂNCIA

<p>Este trabalho tem como tema o impacto da tecnologia na infância e justifica-se pela necessidade de compreender a relação entre infância e tecnologia estabelecida na atualidade e suas implicações. O objetivo foi contextualizar as consequências geradas no desenvolvimento da criança pelo uso exagerado da tecnologia, como objetivos específicos identificar quais consequências; analisar os benefícios; compreender se o uso exagerado da tecnologia na infância prejudica o desenvolvimento das relações sociais. A metodologia usada foi à pesquisa de campo, que teve como público alvo genitores de crianças da faixa etária entre 0 a 12 anos, e alcançou ao total 81 genitores. Teve como ferramenta para análise e coleta de dados o formulário da plataforma do Google, caracterizada como uma pesquisa pública. Conclui-se que o uso das ferramentas tecnológicas em excesso é prejudicial para a formação e o desenvolvimento das crianças. No entanto, quando utilizadas de forma moderada, têm influência positiva e podem oferecer benefícios.</p>
