











	
{"id":343,"date":"2022-05-02T16:37:53","date_gmt":"2022-05-02T19:37:53","guid":{"rendered":"https:\/\/ulbra-to.br\/caos\/?post_type=artigo&#038;p=343"},"modified":"2022-05-02T16:37:53","modified_gmt":"2022-05-02T19:37:53","slug":"o-manejo-da-sombra-e-dos-sonhos-na-clinica","status":"publish","type":"artigo","link":"https:\/\/ulbra-to.br\/caos\/artigo\/o-manejo-da-sombra-e-dos-sonhos-na-clinica\/","title":{"rendered":"O MANEJO DA SOMBRA E DOS SONHOS NA CL\u00cdNICA"},"content":{"rendered":"\n<p>O presente artigo exp\u00f5e o manejo da sombra na terapia junguiana assim como a relev\u00e2ncia dos sonhos nas sess\u00f5es de psicoterapia e das sombras. Alguns temas das sess\u00f5es de psicoterapia individual de uma das clientes foram pontuados no presente trabalho. Em seguida, foram relacionadas com o referencial te\u00f3rico. Com isso, nota-se que o manejo feito com a teoria e t\u00e9cnica adequadas nas sombras e sonhos dentro do setting junguiano, torna bons resultados ao cliente e ao terapeuta, como maior resolutividade nas demandas.<\/p>\n","protected":false},"template":"","categories":[],"tags":[],"_links":{"self":[{"href":"https:\/\/ulbra-to.br\/caos\/wp-json\/wp\/v2\/artigo\/343"}],"collection":[{"href":"https:\/\/ulbra-to.br\/caos\/wp-json\/wp\/v2\/artigo"}],"about":[{"href":"https:\/\/ulbra-to.br\/caos\/wp-json\/wp\/v2\/types\/artigo"}],"version-history":[{"count":1,"href":"https:\/\/ulbra-to.br\/caos\/wp-json\/wp\/v2\/artigo\/343\/revisions"}],"predecessor-version":[{"id":344,"href":"https:\/\/ulbra-to.br\/caos\/wp-json\/wp\/v2\/artigo\/343\/revisions\/344"}],"wp:attachment":[{"href":"https:\/\/ulbra-to.br\/caos\/wp-json\/wp\/v2\/media?parent=343"}],"wp:term":[{"taxonomy":"category","embeddable":true,"href":"https:\/\/ulbra-to.br\/caos\/wp-json\/wp\/v2\/categories?post=343"},{"taxonomy":"post_tag","embeddable":true,"href":"https:\/\/ulbra-to.br\/caos\/wp-json\/wp\/v2\/tags?post=343"}],"curies":[{"name":"wp","href":"https:\/\/api.w.org\/{rel}","templated":true}]}}

O MANEJO DA SOMBRA E DOS SONHOS NA CLÍNICA

<p>O presente artigo expõe o manejo da sombra na terapia junguiana assim como a relevância dos sonhos nas sessões de psicoterapia e das sombras. Alguns temas das sessões de psicoterapia individual de uma das clientes foram pontuados no presente trabalho. Em seguida, foram relacionadas com o referencial teórico. Com isso, nota-se que o manejo feito com a teoria e técnica adequadas nas sombras e sonhos dentro do setting junguiano, torna bons resultados ao cliente e ao terapeuta, como maior resolutividade nas demandas.</p>
