











	
{"id":345,"date":"2022-05-02T16:39:20","date_gmt":"2022-05-02T19:39:20","guid":{"rendered":"https:\/\/ulbra-to.br\/caos\/?post_type=artigo&#038;p=345"},"modified":"2022-05-02T16:39:21","modified_gmt":"2022-05-02T19:39:21","slug":"o-processo-de-individuacao-representado-na-simbologia-dos-chakras-uma-visao-analitica","status":"publish","type":"artigo","link":"https:\/\/ulbra-to.br\/caos\/artigo\/o-processo-de-individuacao-representado-na-simbologia-dos-chakras-uma-visao-analitica\/","title":{"rendered":"O PROCESSO DE INDIVIDUA\u00c7\u00c3O REPRESENTADO NA SIMBOLOGIA DOS CHAKRAS: UMA VIS\u00c3O ANAL\u00cdTICA"},"content":{"rendered":"\n<p>O artigo discorre sobre o processo de Individua\u00e7\u00e3o em Psicologia Anal\u00edtica e faz um paralelo deste com o conceito de Chakras no Hindu\u00edsmo e as pr\u00e1ticas integrativas da medita\u00e7\u00e3o, ioga e Imagina\u00e7\u00e3o Ativa. Entendendo a medita\u00e7\u00e3o como uma representa\u00e7\u00e3o simb\u00f3lica e um paralelo cultural \u00e0 passagem de conte\u00fados pelo psiquismo, \u00e9 poss\u00edvel compreender o tr\u00e2nsito de energia pelos sete pontos dos chakras como uma analogia ao processo de individua\u00e7\u00e3o. A disserta\u00e7\u00e3o possui o car\u00e1ter de Pesquisa B\u00e1sica, Abordagem Qualitativa, tratando-se de uma Revis\u00e3o Bibliogr\u00e1fica de produ\u00e7\u00f5es liter\u00e1rias publicadas nas \u00faltimas d\u00e9cadas acerca do tema. Por fim, \u00e9 poss\u00edvel concluir que as doen\u00e7as e as altera\u00e7\u00f5es corporais s\u00e3o sinais do Self de que o indiv\u00edduo se distanciou ou est\u00e1 fixado em uma etapa do processo de individua\u00e7\u00e3o e a interpreta\u00e7\u00e3o de Carl G. Jung dos chakras torna poss\u00edvel ver o corpo como um agente de transforma\u00e7\u00e3o.<\/p>\n","protected":false},"template":"","categories":[],"tags":[],"_links":{"self":[{"href":"https:\/\/ulbra-to.br\/caos\/wp-json\/wp\/v2\/artigo\/345"}],"collection":[{"href":"https:\/\/ulbra-to.br\/caos\/wp-json\/wp\/v2\/artigo"}],"about":[{"href":"https:\/\/ulbra-to.br\/caos\/wp-json\/wp\/v2\/types\/artigo"}],"version-history":[{"count":1,"href":"https:\/\/ulbra-to.br\/caos\/wp-json\/wp\/v2\/artigo\/345\/revisions"}],"predecessor-version":[{"id":346,"href":"https:\/\/ulbra-to.br\/caos\/wp-json\/wp\/v2\/artigo\/345\/revisions\/346"}],"wp:attachment":[{"href":"https:\/\/ulbra-to.br\/caos\/wp-json\/wp\/v2\/media?parent=345"}],"wp:term":[{"taxonomy":"category","embeddable":true,"href":"https:\/\/ulbra-to.br\/caos\/wp-json\/wp\/v2\/categories?post=345"},{"taxonomy":"post_tag","embeddable":true,"href":"https:\/\/ulbra-to.br\/caos\/wp-json\/wp\/v2\/tags?post=345"}],"curies":[{"name":"wp","href":"https:\/\/api.w.org\/{rel}","templated":true}]}}

O PROCESSO DE INDIVIDUAÇÃO REPRESENTADO NA SIMBOLOGIA DOS CHAKRAS: UMA VISÃO ANALÍTICA

<p>O artigo discorre sobre o processo de Individuação em Psicologia Analítica e faz um paralelo deste com o conceito de Chakras no Hinduísmo e as práticas integrativas da meditação, ioga e Imaginação Ativa. Entendendo a meditação como uma representação simbólica e um paralelo cultural à passagem de conteúdos pelo psiquismo, é possível compreender o trânsito de energia pelos sete pontos dos chakras como uma analogia ao processo de individuação. A dissertação possui o caráter de Pesquisa Básica, Abordagem Qualitativa, tratando-se de uma Revisão Bibliográfica de produções literárias publicadas nas últimas décadas acerca do tema. Por fim, é possível concluir que as doenças e as alterações corporais são sinais do Self de que o indivíduo se distanciou ou está fixado em uma etapa do processo de individuação e a interpretação de Carl G. Jung dos chakras torna possível ver o corpo como um agente de transformação.</p>
