











	
{"id":347,"date":"2022-05-02T16:40:58","date_gmt":"2022-05-02T19:40:58","guid":{"rendered":"https:\/\/ulbra-to.br\/caos\/?post_type=artigo&#038;p=347"},"modified":"2022-05-02T16:40:59","modified_gmt":"2022-05-02T19:40:59","slug":"o-processo-de-integracao-da-sombra-a-partir-da-analise-do-filme-alem-da-morte","status":"publish","type":"artigo","link":"https:\/\/ulbra-to.br\/caos\/artigo\/o-processo-de-integracao-da-sombra-a-partir-da-analise-do-filme-alem-da-morte\/","title":{"rendered":"O PROCESSO DE INTEGRA\u00c7\u00c3O DA SOMBRA A PARTIR DA AN\u00c1LISE DO FILME AL\u00c9M DA MORTE"},"content":{"rendered":"\n<p>Este artigo tem como objetivo analisar e correlacionar o arqu\u00e9tipo sombra com os cinco personagens do filme Al\u00e9m da Morte seguindo a linha metodol\u00f3gica bibliogr\u00e1fica e descritiva. Arqu\u00e9tipos na vis\u00e3o de Jung s\u00e3o conte\u00fados do inconsciente coletivo, ou seja, s\u00e3o imagens arcaicas que existem desde as eras primitivas. Essas imagens ou arqu\u00e9tipos s\u00e3o universais e transmitidas atrav\u00e9s dos tempos pela humanidade. Por serem express\u00f5es simb\u00f3licas das experi\u00eancias, os arqu\u00e9tipos s\u00e3o incont\u00e1veis. Dentre eles pode-se enumerar o arqu\u00e9tipo da grande m\u00e3e, do velho s\u00e1bio, da anima, do animus, da sombra etc. De forma breve s\u00e3o relacionadas as proje\u00e7\u00f5es do inconsciente de duas personagens com a teoria do arqu\u00e9tipo sombra para permitir maior compreens\u00e3o do processo de aceita\u00e7\u00e3o e integra\u00e7\u00e3o da sombra que leva ao autoconhecimento ou individua\u00e7\u00e3o.<\/p>\n","protected":false},"template":"","categories":[],"tags":[],"_links":{"self":[{"href":"https:\/\/ulbra-to.br\/caos\/wp-json\/wp\/v2\/artigo\/347"}],"collection":[{"href":"https:\/\/ulbra-to.br\/caos\/wp-json\/wp\/v2\/artigo"}],"about":[{"href":"https:\/\/ulbra-to.br\/caos\/wp-json\/wp\/v2\/types\/artigo"}],"version-history":[{"count":1,"href":"https:\/\/ulbra-to.br\/caos\/wp-json\/wp\/v2\/artigo\/347\/revisions"}],"predecessor-version":[{"id":348,"href":"https:\/\/ulbra-to.br\/caos\/wp-json\/wp\/v2\/artigo\/347\/revisions\/348"}],"wp:attachment":[{"href":"https:\/\/ulbra-to.br\/caos\/wp-json\/wp\/v2\/media?parent=347"}],"wp:term":[{"taxonomy":"category","embeddable":true,"href":"https:\/\/ulbra-to.br\/caos\/wp-json\/wp\/v2\/categories?post=347"},{"taxonomy":"post_tag","embeddable":true,"href":"https:\/\/ulbra-to.br\/caos\/wp-json\/wp\/v2\/tags?post=347"}],"curies":[{"name":"wp","href":"https:\/\/api.w.org\/{rel}","templated":true}]}}

O PROCESSO DE INTEGRAÇÃO DA SOMBRA A PARTIR DA ANÁLISE DO FILME ALÉM DA MORTE

<p>Este artigo tem como objetivo analisar e correlacionar o arquétipo sombra com os cinco personagens do filme Além da Morte seguindo a linha metodológica bibliográfica e descritiva. Arquétipos na visão de Jung são conteúdos do inconsciente coletivo, ou seja, são imagens arcaicas que existem desde as eras primitivas. Essas imagens ou arquétipos são universais e transmitidas através dos tempos pela humanidade. Por serem expressões simbólicas das experiências, os arquétipos são incontáveis. Dentre eles pode-se enumerar o arquétipo da grande mãe, do velho sábio, da anima, do animus, da sombra etc. De forma breve são relacionadas as projeções do inconsciente de duas personagens com a teoria do arquétipo sombra para permitir maior compreensão do processo de aceitação e integração da sombra que leva ao autoconhecimento ou individuação.</p>
