











	
{"id":349,"date":"2022-05-02T16:42:51","date_gmt":"2022-05-02T19:42:51","guid":{"rendered":"https:\/\/ulbra-to.br\/caos\/?post_type=artigo&#038;p=349"},"modified":"2022-05-02T16:42:51","modified_gmt":"2022-05-02T19:42:51","slug":"o-real-e-o-sintoma-na-pandemia-uma-perspectiva-psicanalitica","status":"publish","type":"artigo","link":"https:\/\/ulbra-to.br\/caos\/artigo\/o-real-e-o-sintoma-na-pandemia-uma-perspectiva-psicanalitica\/","title":{"rendered":"O REAL E O SINTOMA NA PANDEMIA: UMA PERSPECTIVA PSICANAL\u00cdTICA"},"content":{"rendered":"\n<p>Os anos de 2020 e 2021 foram vividos de forma tr\u00e1gica em todo o mundo, diante da pandemia ocorrida devido ao novo coranv\u00edrus. E \u00e9 diante deste percal\u00e7o, que o presente artigo tem como objetivo abordar sobre o atravessamento do real imposto pela pandemia, sob a luz da teoria psicanal\u00edtica, bem como as representa\u00e7\u00f5es subjetivas que se manifestam enquanto sintoma, que atravessa no corpo. A escuta em atendimento psicol\u00f3gico norteado pela psican\u00e1lise, na modalidade on-line, ocorreu dentro de uma cl\u00ednica-escola, tendo o per\u00edodo de um ano. Esse estudo utilizou a metodologia de relato de experi\u00eancia, que conta com a experimenta\u00e7\u00e3o dos fen\u00f4menos observados nas sess\u00f5es de psicoterapia, ocorrida na modalidade virtual, de quatro acad\u00eamicas estagi\u00e1rias da cl\u00ednica escola do curso de psicologia. Conduzidas e alinhando teoria e supervis\u00e3o cl\u00ednica, o manejo na cl\u00ednica em tempos pand\u00eamicos \u00e9 atravessado pelo real. \u00c9 preciso ainda a an\u00e1lise de mais relatos de condu\u00e7\u00e3o cl\u00ednica psicanal\u00edtica na modalidade remota. Entretanto, enfatiza-se que no processo cl\u00ednico, a mobiliza\u00e7\u00e3o se d\u00e1 por meio da transfer\u00eancia e de que o desejo do analista norteia e conduz a an\u00e1lise, bem como, a \u00e9tica profissional sendo essencial no setting terap\u00eautico.<\/p>\n","protected":false},"template":"","categories":[],"tags":[],"_links":{"self":[{"href":"https:\/\/ulbra-to.br\/caos\/wp-json\/wp\/v2\/artigo\/349"}],"collection":[{"href":"https:\/\/ulbra-to.br\/caos\/wp-json\/wp\/v2\/artigo"}],"about":[{"href":"https:\/\/ulbra-to.br\/caos\/wp-json\/wp\/v2\/types\/artigo"}],"version-history":[{"count":1,"href":"https:\/\/ulbra-to.br\/caos\/wp-json\/wp\/v2\/artigo\/349\/revisions"}],"predecessor-version":[{"id":350,"href":"https:\/\/ulbra-to.br\/caos\/wp-json\/wp\/v2\/artigo\/349\/revisions\/350"}],"wp:attachment":[{"href":"https:\/\/ulbra-to.br\/caos\/wp-json\/wp\/v2\/media?parent=349"}],"wp:term":[{"taxonomy":"category","embeddable":true,"href":"https:\/\/ulbra-to.br\/caos\/wp-json\/wp\/v2\/categories?post=349"},{"taxonomy":"post_tag","embeddable":true,"href":"https:\/\/ulbra-to.br\/caos\/wp-json\/wp\/v2\/tags?post=349"}],"curies":[{"name":"wp","href":"https:\/\/api.w.org\/{rel}","templated":true}]}}

O REAL E O SINTOMA NA PANDEMIA: UMA PERSPECTIVA PSICANALÍTICA

<p>Os anos de 2020 e 2021 foram vividos de forma trágica em todo o mundo, diante da pandemia ocorrida devido ao novo coranvírus. E é diante deste percalço, que o presente artigo tem como objetivo abordar sobre o atravessamento do real imposto pela pandemia, sob a luz da teoria psicanalítica, bem como as representações subjetivas que se manifestam enquanto sintoma, que atravessa no corpo. A escuta em atendimento psicológico norteado pela psicanálise, na modalidade on-line, ocorreu dentro de uma clínica-escola, tendo o período de um ano. Esse estudo utilizou a metodologia de relato de experiência, que conta com a experimentação dos fenômenos observados nas sessões de psicoterapia, ocorrida na modalidade virtual, de quatro acadêmicas estagiárias da clínica escola do curso de psicologia. Conduzidas e alinhando teoria e supervisão clínica, o manejo na clínica em tempos pandêmicos é atravessado pelo real. É preciso ainda a análise de mais relatos de condução clínica psicanalítica na modalidade remota. Entretanto, enfatiza-se que no processo clínico, a mobilização se dá por meio da transferência e de que o desejo do analista norteia e conduz a análise, bem como, a ética profissional sendo essencial no setting terapêutico.</p>
