











	
{"id":351,"date":"2022-05-02T16:51:53","date_gmt":"2022-05-02T19:51:53","guid":{"rendered":"https:\/\/ulbra-to.br\/caos\/?post_type=artigo&#038;p=351"},"modified":"2022-05-02T16:51:53","modified_gmt":"2022-05-02T19:51:53","slug":"os-impactos-da-pandemia-nos-processos-psicologicos-em-adolescentes-de-12-a-18-anos","status":"publish","type":"artigo","link":"https:\/\/ulbra-to.br\/caos\/artigo\/os-impactos-da-pandemia-nos-processos-psicologicos-em-adolescentes-de-12-a-18-anos\/","title":{"rendered":"OS IMPACTOS DA PANDEMIA NOS PROCESSOS PSICOL\u00d3GICOS EM ADOLESCENTES DE 12 A 18 ANOS"},"content":{"rendered":"\n<p>O presente artigo trabalha os impactos da pandemia nos processos psicol\u00f3gicos em adolescentes de 12 a 18 anos. Nesse sentido, s\u00e3o definidos ao longo do texto conceitos como adolesc\u00eancia, pandemia e a contextualiza\u00e7\u00e3o geral do per\u00edodo que perdura na contemporaneidade. O objetivo textual \u00e9 observar os impactos da pandemia do COVID-19 enquanto contribuintes para caracter\u00edsticas emocionais como ansiedade, estresse e depress\u00e3o. Para tal foi realizada uma pesquisa quantitativa descritiva e anal\u00edtica, tendo como meio de divulga\u00e7\u00e3o da mesma a rede social Whatsapp. Acresce que os dados coletados foram obtidos atrav\u00e9s da plataforma Google Forms atrav\u00e9s de perguntas de m\u00faltipla escolha, utilizando como base para elabora\u00e7\u00e3o do question\u00e1rio a Escala Depression, Anxiety and Stress Scale &#8211; Short Form (DASS-21). Dado o exposto, segue a pesquisa estruturada e realizada, seguida da discuss\u00e3o e apresenta\u00e7\u00e3o dos resultados conseguidos. Sendo assim, infere-se que os impactos da pandemia contribu\u00edram para sintomas como ansiedade e depress\u00e3o nos adolescentes analisados, dados que ser\u00e3o postulados mais adiante.<\/p>\n","protected":false},"template":"","categories":[],"tags":[],"_links":{"self":[{"href":"https:\/\/ulbra-to.br\/caos\/wp-json\/wp\/v2\/artigo\/351"}],"collection":[{"href":"https:\/\/ulbra-to.br\/caos\/wp-json\/wp\/v2\/artigo"}],"about":[{"href":"https:\/\/ulbra-to.br\/caos\/wp-json\/wp\/v2\/types\/artigo"}],"version-history":[{"count":1,"href":"https:\/\/ulbra-to.br\/caos\/wp-json\/wp\/v2\/artigo\/351\/revisions"}],"predecessor-version":[{"id":352,"href":"https:\/\/ulbra-to.br\/caos\/wp-json\/wp\/v2\/artigo\/351\/revisions\/352"}],"wp:attachment":[{"href":"https:\/\/ulbra-to.br\/caos\/wp-json\/wp\/v2\/media?parent=351"}],"wp:term":[{"taxonomy":"category","embeddable":true,"href":"https:\/\/ulbra-to.br\/caos\/wp-json\/wp\/v2\/categories?post=351"},{"taxonomy":"post_tag","embeddable":true,"href":"https:\/\/ulbra-to.br\/caos\/wp-json\/wp\/v2\/tags?post=351"}],"curies":[{"name":"wp","href":"https:\/\/api.w.org\/{rel}","templated":true}]}}

OS IMPACTOS DA PANDEMIA NOS PROCESSOS PSICOLÓGICOS EM ADOLESCENTES DE 12 A 18 ANOS

<p>O presente artigo trabalha os impactos da pandemia nos processos psicológicos em adolescentes de 12 a 18 anos. Nesse sentido, são definidos ao longo do texto conceitos como adolescência, pandemia e a contextualização geral do período que perdura na contemporaneidade. O objetivo textual é observar os impactos da pandemia do COVID-19 enquanto contribuintes para características emocionais como ansiedade, estresse e depressão. Para tal foi realizada uma pesquisa quantitativa descritiva e analítica, tendo como meio de divulgação da mesma a rede social Whatsapp. Acresce que os dados coletados foram obtidos através da plataforma Google Forms através de perguntas de múltipla escolha, utilizando como base para elaboração do questionário a Escala Depression, Anxiety and Stress Scale &#8211; Short Form (DASS-21). Dado o exposto, segue a pesquisa estruturada e realizada, seguida da discussão e apresentação dos resultados conseguidos. Sendo assim, infere-se que os impactos da pandemia contribuíram para sintomas como ansiedade e depressão nos adolescentes analisados, dados que serão postulados mais adiante.</p>
