











	
{"id":353,"date":"2022-05-02T16:57:00","date_gmt":"2022-05-02T19:57:00","guid":{"rendered":"https:\/\/ulbra-to.br\/caos\/?post_type=artigo&#038;p=353"},"modified":"2022-05-02T16:57:01","modified_gmt":"2022-05-02T19:57:01","slug":"o-transtorno-do-espectro-autista-tea-a-partir-do-olhar-de-uma-mae-cuidadora","status":"publish","type":"artigo","link":"https:\/\/ulbra-to.br\/caos\/artigo\/o-transtorno-do-espectro-autista-tea-a-partir-do-olhar-de-uma-mae-cuidadora\/","title":{"rendered":"O TRANSTORNO DO ESPECTRO AUTISTA (TEA) A PARTIR DO OLHAR DE UMA M\u00c3E CUIDADORA"},"content":{"rendered":"\n<p>O trabalho \u00e9 uma an\u00e1lise de conte\u00fado a partir do olhar de uma m\u00e3e cuidadora de uma crian\u00e7a com diagn\u00f3stico de transtorno do espectro autista (TEA), por meio de uma entrevista realizada para o Portal (EN)CENA-A Sa\u00fade Mental em Movimento . Esse artigo tem o prop\u00f3sito de propiciar reflex\u00f5es, atrav\u00e9s da compreens\u00e3o do cotidiano de uma fam\u00edlia que convive com uma crian\u00e7a com o TEA, seus principais desafios, desde as adapta\u00e7\u00f5es realizadas, a inser\u00e7\u00e3o nos diferentes espa\u00e7os e o impacto nas rela\u00e7\u00f5es familiares e sociais, a partir das seguintes categorias de an\u00e1lise: o diagn\u00f3stico de TEA, as mudan\u00e7as no cotidiano familiar e as rela\u00e7\u00f5es ap\u00f3s o diagn\u00f3stico.<\/p>\n","protected":false},"template":"","categories":[],"tags":[],"_links":{"self":[{"href":"https:\/\/ulbra-to.br\/caos\/wp-json\/wp\/v2\/artigo\/353"}],"collection":[{"href":"https:\/\/ulbra-to.br\/caos\/wp-json\/wp\/v2\/artigo"}],"about":[{"href":"https:\/\/ulbra-to.br\/caos\/wp-json\/wp\/v2\/types\/artigo"}],"version-history":[{"count":1,"href":"https:\/\/ulbra-to.br\/caos\/wp-json\/wp\/v2\/artigo\/353\/revisions"}],"predecessor-version":[{"id":354,"href":"https:\/\/ulbra-to.br\/caos\/wp-json\/wp\/v2\/artigo\/353\/revisions\/354"}],"wp:attachment":[{"href":"https:\/\/ulbra-to.br\/caos\/wp-json\/wp\/v2\/media?parent=353"}],"wp:term":[{"taxonomy":"category","embeddable":true,"href":"https:\/\/ulbra-to.br\/caos\/wp-json\/wp\/v2\/categories?post=353"},{"taxonomy":"post_tag","embeddable":true,"href":"https:\/\/ulbra-to.br\/caos\/wp-json\/wp\/v2\/tags?post=353"}],"curies":[{"name":"wp","href":"https:\/\/api.w.org\/{rel}","templated":true}]}}

O TRANSTORNO DO ESPECTRO AUTISTA (TEA) A PARTIR DO OLHAR DE UMA MÃE CUIDADORA

<p>O trabalho é uma análise de conteúdo a partir do olhar de uma mãe cuidadora de uma criança com diagnóstico de transtorno do espectro autista (TEA), por meio de uma entrevista realizada para o Portal (EN)CENA-A Saúde Mental em Movimento . Esse artigo tem o propósito de propiciar reflexões, através da compreensão do cotidiano de uma família que convive com uma criança com o TEA, seus principais desafios, desde as adaptações realizadas, a inserção nos diferentes espaços e o impacto nas relações familiares e sociais, a partir das seguintes categorias de análise: o diagnóstico de TEA, as mudanças no cotidiano familiar e as relações após o diagnóstico.</p>
