











	
{"id":357,"date":"2022-05-02T16:59:46","date_gmt":"2022-05-02T19:59:46","guid":{"rendered":"https:\/\/ulbra-to.br\/caos\/?post_type=artigo&#038;p=357"},"modified":"2022-05-02T16:59:47","modified_gmt":"2022-05-02T19:59:47","slug":"parentalidade-e-contemporaneidade-novas-configuracoes-familiares","status":"publish","type":"artigo","link":"https:\/\/ulbra-to.br\/caos\/artigo\/parentalidade-e-contemporaneidade-novas-configuracoes-familiares\/","title":{"rendered":"PARENTALIDADE E CONTEMPORANEIDADE: NOVAS CONFIGURA\u00c7\u00d5ES FAMILIARES"},"content":{"rendered":"\n<p>O presente estudo tem como objetivo ampliar a compreens\u00e3o sobre a no\u00e7\u00e3o de parentalidade e as recentes atualiza\u00e7\u00f5es desse conceito, enfatizando as transforma\u00e7\u00f5es cont\u00ednuas no mundo contempor\u00e2neo, em especial nas \u00faltimas d\u00e9cadas, a fim de compreender as diversas formas de conv\u00edvio na contemporaneidade e como ocorre o processo de transi\u00e7\u00e3o do jovem para a vida adulta, com enfoque para a participa\u00e7\u00e3o dos pais nesse processo. Para tanto, traz \u00e0 tona a discuss\u00e3o sobre a no\u00e7\u00e3o de fam\u00edlia, considerando as sucessivas formas de configura\u00e7\u00e3o familiar e como as rela\u00e7\u00f5es entre seus membros foram sendo constru\u00eddas ao longo do tempo, a conviv\u00eancia dos jovens no ambiente familiar e os efeitos do prolongamento ou rompimento dessa conviv\u00eancia, considerando aspectos como a participa\u00e7\u00e3o ativa dos pais para a constru\u00e7\u00e3o de sua autonomia, o perfil do jovem na sociedade contempor\u00e2nea, al\u00e9m dos fatores biol\u00f3gicos, psicol\u00f3gicos, socioculturais e econ\u00f4micos envolvidos nesse processo.<\/p>\n","protected":false},"template":"","categories":[],"tags":[],"_links":{"self":[{"href":"https:\/\/ulbra-to.br\/caos\/wp-json\/wp\/v2\/artigo\/357"}],"collection":[{"href":"https:\/\/ulbra-to.br\/caos\/wp-json\/wp\/v2\/artigo"}],"about":[{"href":"https:\/\/ulbra-to.br\/caos\/wp-json\/wp\/v2\/types\/artigo"}],"version-history":[{"count":1,"href":"https:\/\/ulbra-to.br\/caos\/wp-json\/wp\/v2\/artigo\/357\/revisions"}],"predecessor-version":[{"id":358,"href":"https:\/\/ulbra-to.br\/caos\/wp-json\/wp\/v2\/artigo\/357\/revisions\/358"}],"wp:attachment":[{"href":"https:\/\/ulbra-to.br\/caos\/wp-json\/wp\/v2\/media?parent=357"}],"wp:term":[{"taxonomy":"category","embeddable":true,"href":"https:\/\/ulbra-to.br\/caos\/wp-json\/wp\/v2\/categories?post=357"},{"taxonomy":"post_tag","embeddable":true,"href":"https:\/\/ulbra-to.br\/caos\/wp-json\/wp\/v2\/tags?post=357"}],"curies":[{"name":"wp","href":"https:\/\/api.w.org\/{rel}","templated":true}]}}

PARENTALIDADE E CONTEMPORANEIDADE: NOVAS CONFIGURAÇÕES FAMILIARES

<p>O presente estudo tem como objetivo ampliar a compreensão sobre a noção de parentalidade e as recentes atualizações desse conceito, enfatizando as transformações contínuas no mundo contemporâneo, em especial nas últimas décadas, a fim de compreender as diversas formas de convívio na contemporaneidade e como ocorre o processo de transição do jovem para a vida adulta, com enfoque para a participação dos pais nesse processo. Para tanto, traz à tona a discussão sobre a noção de família, considerando as sucessivas formas de configuração familiar e como as relações entre seus membros foram sendo construídas ao longo do tempo, a convivência dos jovens no ambiente familiar e os efeitos do prolongamento ou rompimento dessa convivência, considerando aspectos como a participação ativa dos pais para a construção de sua autonomia, o perfil do jovem na sociedade contemporânea, além dos fatores biológicos, psicológicos, socioculturais e econômicos envolvidos nesse processo.</p>
