











	
{"id":359,"date":"2022-05-02T17:01:19","date_gmt":"2022-05-02T20:01:19","guid":{"rendered":"https:\/\/ulbra-to.br\/caos\/?post_type=artigo&#038;p=359"},"modified":"2022-05-02T17:01:20","modified_gmt":"2022-05-02T20:01:20","slug":"plasticidade-cerebral-na-velhice","status":"publish","type":"artigo","link":"https:\/\/ulbra-to.br\/caos\/artigo\/plasticidade-cerebral-na-velhice\/","title":{"rendered":"PLASTICIDADE CEREBRAL NA VELHICE"},"content":{"rendered":"\n<p>A plasticidade cerebral \u00e9 um assunto que por muitos anos, foi atribu\u00eddo apenas aos c\u00e9rebros ainda em desenvolvimento. Todavia, a ci\u00eancia atestou comprova\u00e7\u00f5es de que enquanto sinapses neurais fossem poss\u00edveis e provocadas, e neur\u00f4nios exercitados, a plasticidade cerebral seria poss\u00edvel, independente da idade do c\u00e9rebro. O presente ensaio acad\u00eamico tem por finalidade argumentar tal conceito atrav\u00e9s da hist\u00f3ria de \u00c9dson Gambuggi, um m\u00e9dico rec\u00e9m formado em plena velhice, aos 82 anos de idade. Tal hist\u00f3ria foi desenvolvida no document\u00e1rio \u201cEnvelhesc\u00eancia\u201d de Gabriel Martinez, comentado em alguns trechos deste trabalho, como forma de perceber melhor como os fundamentos da plasticidade cerebral est\u00e3o presentes na vida de \u00c9dson. Conceitos como a individua\u00e7\u00e3o de Jung e o desfrute do futuro na velhice por Anita Nery, tamb\u00e9m ser\u00e3o abordados.<\/p>\n","protected":false},"template":"","categories":[],"tags":[],"_links":{"self":[{"href":"https:\/\/ulbra-to.br\/caos\/wp-json\/wp\/v2\/artigo\/359"}],"collection":[{"href":"https:\/\/ulbra-to.br\/caos\/wp-json\/wp\/v2\/artigo"}],"about":[{"href":"https:\/\/ulbra-to.br\/caos\/wp-json\/wp\/v2\/types\/artigo"}],"version-history":[{"count":1,"href":"https:\/\/ulbra-to.br\/caos\/wp-json\/wp\/v2\/artigo\/359\/revisions"}],"predecessor-version":[{"id":360,"href":"https:\/\/ulbra-to.br\/caos\/wp-json\/wp\/v2\/artigo\/359\/revisions\/360"}],"wp:attachment":[{"href":"https:\/\/ulbra-to.br\/caos\/wp-json\/wp\/v2\/media?parent=359"}],"wp:term":[{"taxonomy":"category","embeddable":true,"href":"https:\/\/ulbra-to.br\/caos\/wp-json\/wp\/v2\/categories?post=359"},{"taxonomy":"post_tag","embeddable":true,"href":"https:\/\/ulbra-to.br\/caos\/wp-json\/wp\/v2\/tags?post=359"}],"curies":[{"name":"wp","href":"https:\/\/api.w.org\/{rel}","templated":true}]}}

<p>A plasticidade cerebral é um assunto que por muitos anos, foi atribuído apenas aos cérebros ainda em desenvolvimento. Todavia, a ciência atestou comprovações de que enquanto sinapses neurais fossem possíveis e provocadas, e neurônios exercitados, a plasticidade cerebral seria possível, independente da idade do cérebro. O presente ensaio acadêmico tem por finalidade argumentar tal conceito através da história de Édson Gambuggi, um médico recém formado em plena velhice, aos 82 anos de idade. Tal história foi desenvolvida no documentário “Envelhescência” de Gabriel Martinez, comentado em alguns trechos deste trabalho, como forma de perceber melhor como os fundamentos da plasticidade cerebral estão presentes na vida de Édson. Conceitos como a individuação de Jung e o desfrute do futuro na velhice por Anita Nery, também serão abordados.</p>
