











	
{"id":361,"date":"2022-05-02T17:02:29","date_gmt":"2022-05-02T20:02:29","guid":{"rendered":"https:\/\/ulbra-to.br\/caos\/?post_type=artigo&#038;p=361"},"modified":"2022-05-02T17:02:29","modified_gmt":"2022-05-02T20:02:29","slug":"programacao-neurolinguistica-o-uso-no-desenvolvimento-cognitivo-e-emocional-do-ser-humano","status":"publish","type":"artigo","link":"https:\/\/ulbra-to.br\/caos\/artigo\/programacao-neurolinguistica-o-uso-no-desenvolvimento-cognitivo-e-emocional-do-ser-humano\/","title":{"rendered":"PROGRAMA\u00c7\u00c3O NEUROLINGU\u00cdSTICA: O USO NO DESENVOLVIMENTO COGNITIVO E EMOCIONAL DO SER HUMANO"},"content":{"rendered":"\n<p>Um dos grandes e constantes desafios de ser humano \u00e9 lidar com os acontecimentos exteriores; fatos cotidianos ligados direta ou indiretamente a ele que sen\u00e3o bem trabalhados na mente humana, s\u00e3o capazes de interferir negativamente em atitudes, decis\u00f5es, sentimentos, bem como na aus\u00eancia destes. Ainda enquanto crian\u00e7as, j\u00e1 s\u00e3o desenvolvidas cren\u00e7as limitantes, que quando amadurecidas, projetam uma s\u00e9rie de complica\u00e7\u00f5es e atrofias no desenvolvimento cognitivo e quociente emocional humano. A programa\u00e7\u00e3o neurolingu\u00edstica \u2013 PNL \u2013 \u00e9 um caminho subjetivo capaz de ensinar, atrav\u00e9s de m\u00e9todos e novos comportamentos e h\u00e1bitos, qualquer pessoa a adquirir e desenvolver habilidades comuns e extraordin\u00e1rias a partir de si mesmo. O presente artigo buscou, em revis\u00e3o de literatura, trazer reflex\u00f5es sobre resultados advindos de reprograma\u00e7\u00f5es cerebrais, quebra de cren\u00e7as limitantes, identifica\u00e7\u00e3o de traumas, constru\u00e7\u00e3o de mapas cognitivos, etc.<\/p>\n","protected":false},"template":"","categories":[],"tags":[],"_links":{"self":[{"href":"https:\/\/ulbra-to.br\/caos\/wp-json\/wp\/v2\/artigo\/361"}],"collection":[{"href":"https:\/\/ulbra-to.br\/caos\/wp-json\/wp\/v2\/artigo"}],"about":[{"href":"https:\/\/ulbra-to.br\/caos\/wp-json\/wp\/v2\/types\/artigo"}],"version-history":[{"count":1,"href":"https:\/\/ulbra-to.br\/caos\/wp-json\/wp\/v2\/artigo\/361\/revisions"}],"predecessor-version":[{"id":362,"href":"https:\/\/ulbra-to.br\/caos\/wp-json\/wp\/v2\/artigo\/361\/revisions\/362"}],"wp:attachment":[{"href":"https:\/\/ulbra-to.br\/caos\/wp-json\/wp\/v2\/media?parent=361"}],"wp:term":[{"taxonomy":"category","embeddable":true,"href":"https:\/\/ulbra-to.br\/caos\/wp-json\/wp\/v2\/categories?post=361"},{"taxonomy":"post_tag","embeddable":true,"href":"https:\/\/ulbra-to.br\/caos\/wp-json\/wp\/v2\/tags?post=361"}],"curies":[{"name":"wp","href":"https:\/\/api.w.org\/{rel}","templated":true}]}}

PROGRAMAÇÃO NEUROLINGUÍSTICA: O USO NO DESENVOLVIMENTO COGNITIVO E EMOCIONAL DO SER HUMANO

<p>Um dos grandes e constantes desafios de ser humano é lidar com os acontecimentos exteriores; fatos cotidianos ligados direta ou indiretamente a ele que senão bem trabalhados na mente humana, são capazes de interferir negativamente em atitudes, decisões, sentimentos, bem como na ausência destes. Ainda enquanto crianças, já são desenvolvidas crenças limitantes, que quando amadurecidas, projetam uma série de complicações e atrofias no desenvolvimento cognitivo e quociente emocional humano. A programação neurolinguística – PNL – é um caminho subjetivo capaz de ensinar, através de métodos e novos comportamentos e hábitos, qualquer pessoa a adquirir e desenvolver habilidades comuns e extraordinárias a partir de si mesmo. O presente artigo buscou, em revisão de literatura, trazer reflexões sobre resultados advindos de reprogramações cerebrais, quebra de crenças limitantes, identificação de traumas, construção de mapas cognitivos, etc.</p>
