











	
{"id":367,"date":"2022-05-02T17:06:48","date_gmt":"2022-05-02T20:06:48","guid":{"rendered":"https:\/\/ulbra-to.br\/caos\/?post_type=artigo&#038;p=367"},"modified":"2022-05-02T17:06:49","modified_gmt":"2022-05-02T20:06:49","slug":"reflexos-do-bullying-na-vida-adulta","status":"publish","type":"artigo","link":"https:\/\/ulbra-to.br\/caos\/artigo\/reflexos-do-bullying-na-vida-adulta\/","title":{"rendered":"REFLEXOS DO BULLYING NA VIDA ADULTA"},"content":{"rendered":"\n<p>O bullying \u00e9 uma pr\u00e1tica presente na vida da maioria das pessoas, tanto no papel de agressor, v\u00edtima, ou ambos, al\u00e9m de gerar conflitos durante o crescimento, ele gera reflexos na vida adulta. Considerando o pressuposto, se faz necess\u00e1rio um aprofundamento do assunto para a compreens\u00e3o das sequelas que esse comportamento provoca a longo prazo. Para isso foram analisados pesquisas e artigos sobre o tema, levantando pontos como a forma que ele \u00e9 iniciado, como molda o comportamento na inf\u00e2ncia e adolesc\u00eancia, sua influ\u00eancia nos comportamentos na fase adulta e seus impactos negativos. Esse estudo busca estabelecer a interfer\u00eancia na vida adulta daqueles que sofreram bullying na inf\u00e2ncia. Essas interfer\u00eancias foram evidenciadas nos relatos e observadas nos traumas, cren\u00e7as limitantes, bem como nos transtornos e comportamentos de risco descritos na literatura psicol\u00f3gica e relatados nos estudos e em entrevistas realizadas com os agressores e v\u00edtimas.<\/p>\n","protected":false},"template":"","categories":[],"tags":[],"_links":{"self":[{"href":"https:\/\/ulbra-to.br\/caos\/wp-json\/wp\/v2\/artigo\/367"}],"collection":[{"href":"https:\/\/ulbra-to.br\/caos\/wp-json\/wp\/v2\/artigo"}],"about":[{"href":"https:\/\/ulbra-to.br\/caos\/wp-json\/wp\/v2\/types\/artigo"}],"version-history":[{"count":1,"href":"https:\/\/ulbra-to.br\/caos\/wp-json\/wp\/v2\/artigo\/367\/revisions"}],"predecessor-version":[{"id":368,"href":"https:\/\/ulbra-to.br\/caos\/wp-json\/wp\/v2\/artigo\/367\/revisions\/368"}],"wp:attachment":[{"href":"https:\/\/ulbra-to.br\/caos\/wp-json\/wp\/v2\/media?parent=367"}],"wp:term":[{"taxonomy":"category","embeddable":true,"href":"https:\/\/ulbra-to.br\/caos\/wp-json\/wp\/v2\/categories?post=367"},{"taxonomy":"post_tag","embeddable":true,"href":"https:\/\/ulbra-to.br\/caos\/wp-json\/wp\/v2\/tags?post=367"}],"curies":[{"name":"wp","href":"https:\/\/api.w.org\/{rel}","templated":true}]}}

<p>O bullying é uma prática presente na vida da maioria das pessoas, tanto no papel de agressor, vítima, ou ambos, além de gerar conflitos durante o crescimento, ele gera reflexos na vida adulta. Considerando o pressuposto, se faz necessário um aprofundamento do assunto para a compreensão das sequelas que esse comportamento provoca a longo prazo. Para isso foram analisados pesquisas e artigos sobre o tema, levantando pontos como a forma que ele é iniciado, como molda o comportamento na infância e adolescência, sua influência nos comportamentos na fase adulta e seus impactos negativos. Esse estudo busca estabelecer a interferência na vida adulta daqueles que sofreram bullying na infância. Essas interferências foram evidenciadas nos relatos e observadas nos traumas, crenças limitantes, bem como nos transtornos e comportamentos de risco descritos na literatura psicológica e relatados nos estudos e em entrevistas realizadas com os agressores e vítimas.</p>
