











	
{"id":373,"date":"2022-05-02T17:11:21","date_gmt":"2022-05-02T20:11:21","guid":{"rendered":"https:\/\/ulbra-to.br\/caos\/?post_type=artigo&#038;p=373"},"modified":"2022-05-02T17:11:22","modified_gmt":"2022-05-02T20:11:22","slug":"roda-de-conversa-com-mulheres-indigenas-ampliando-os-lacos-na-quarentena","status":"publish","type":"artigo","link":"https:\/\/ulbra-to.br\/caos\/artigo\/roda-de-conversa-com-mulheres-indigenas-ampliando-os-lacos-na-quarentena\/","title":{"rendered":"RODA DE CONVERSA COM MULHERES IND\u00cdGENAS: AMPLIANDO OS LA\u00c7OS NA QUARENTENA"},"content":{"rendered":"\n<p>Este trabalho busca promover espa\u00e7o de fala e partilha de viv\u00eancia entre mulheres ind\u00edgenas na quarentena na tentativa de conhecer a rotina dessas mulheres, compreender suas viv\u00eancias e oferecer uma escuta acolhedora. Pretende-se fazer uso da roda de conversa como instrumento para a coleta de dados com seis encontros e mediados pela plataforma Google Meet. Foram baseados nos aportes te\u00f3ricos de Pich\u00f3n Riviere e seus grupos operativos e os processos grupais de Kurt Lewin. Observou-se que o cuidado, o protagonismo, o trabalho e a educa\u00e7\u00e3o fazem parte das rotinas dessas mulheres contribuindo para que suas ancestralidades continuem presentes em suas vidas di\u00e1rias. As rotinas dessas mulheres est\u00e3o sendo afetadas pelo contexto pand\u00eamico, fazendo com que elas tenham que desempenhar novos pap\u00e9is em seus lares, e a roda de conversa proporcionou a elas momentos de receptividade e suporte.<\/p>\n","protected":false},"template":"","categories":[],"tags":[],"_links":{"self":[{"href":"https:\/\/ulbra-to.br\/caos\/wp-json\/wp\/v2\/artigo\/373"}],"collection":[{"href":"https:\/\/ulbra-to.br\/caos\/wp-json\/wp\/v2\/artigo"}],"about":[{"href":"https:\/\/ulbra-to.br\/caos\/wp-json\/wp\/v2\/types\/artigo"}],"version-history":[{"count":1,"href":"https:\/\/ulbra-to.br\/caos\/wp-json\/wp\/v2\/artigo\/373\/revisions"}],"predecessor-version":[{"id":374,"href":"https:\/\/ulbra-to.br\/caos\/wp-json\/wp\/v2\/artigo\/373\/revisions\/374"}],"wp:attachment":[{"href":"https:\/\/ulbra-to.br\/caos\/wp-json\/wp\/v2\/media?parent=373"}],"wp:term":[{"taxonomy":"category","embeddable":true,"href":"https:\/\/ulbra-to.br\/caos\/wp-json\/wp\/v2\/categories?post=373"},{"taxonomy":"post_tag","embeddable":true,"href":"https:\/\/ulbra-to.br\/caos\/wp-json\/wp\/v2\/tags?post=373"}],"curies":[{"name":"wp","href":"https:\/\/api.w.org\/{rel}","templated":true}]}}

RODA DE CONVERSA COM MULHERES INDÍGENAS: AMPLIANDO OS LAÇOS NA QUARENTENA

<p>Este trabalho busca promover espaço de fala e partilha de vivência entre mulheres indígenas na quarentena na tentativa de conhecer a rotina dessas mulheres, compreender suas vivências e oferecer uma escuta acolhedora. Pretende-se fazer uso da roda de conversa como instrumento para a coleta de dados com seis encontros e mediados pela plataforma Google Meet. Foram baseados nos aportes teóricos de Pichón Riviere e seus grupos operativos e os processos grupais de Kurt Lewin. Observou-se que o cuidado, o protagonismo, o trabalho e a educação fazem parte das rotinas dessas mulheres contribuindo para que suas ancestralidades continuem presentes em suas vidas diárias. As rotinas dessas mulheres estão sendo afetadas pelo contexto pandêmico, fazendo com que elas tenham que desempenhar novos papéis em seus lares, e a roda de conversa proporcionou a elas momentos de receptividade e suporte.</p>
