











	
{"id":377,"date":"2022-05-02T17:13:40","date_gmt":"2022-05-02T20:13:40","guid":{"rendered":"https:\/\/ulbra-to.br\/caos\/?post_type=artigo&#038;p=377"},"modified":"2022-05-02T17:13:41","modified_gmt":"2022-05-02T20:13:41","slug":"tentativas-de-suicidio-e-violencia-autoprovocada-comparativo-entre-sexos-e-papeis-sociais","status":"publish","type":"artigo","link":"https:\/\/ulbra-to.br\/caos\/artigo\/tentativas-de-suicidio-e-violencia-autoprovocada-comparativo-entre-sexos-e-papeis-sociais\/","title":{"rendered":"TENTATIVAS DE SUIC\u00cdDIO E VIOL\u00caNCIA AUTOPROVOCADA: COMPARATIVO ENTRE SEXOS E PAP\u00c9IS SOCIAIS"},"content":{"rendered":"\n<p>O presente estudo \u00e9 um relato de experi\u00eancia na \u00e1rea de Psicologia, desenvolvido sobre a condu\u00e7\u00e3o de um grupo operativo realizado em ambiente virtual, com intuito de demonstrar o planejamento e a execu\u00e7\u00e3o dessa classifica\u00e7\u00e3o grupal por meio da sustenta\u00e7\u00e3o em pesquisa bibliogr\u00e1fica. A tem\u00e1tica proposta para o grupo se referiu \u00e0 felicidade, com objetivo central de trazer reflex\u00e3o e reconhecimento acerca da felicidade singular de cada sujeito envolvido no processo. Para isso, utilizou-se de din\u00e2micas reflexivas, elementos art\u00edsticos, perguntas provocativas e elucida\u00e7\u00e3o de informa\u00e7\u00f5es. Apesar das ansiedades b\u00e1sicas e resist\u00eancias que emergiram no decorrer do processo grupal, conseguiu-se atingir o prop\u00f3sito c\u00eantrico, a fim de contribuir para a composi\u00e7\u00e3o de um novo Esquema Conceitual Referencial Operativo (ECRO).<\/p>\n","protected":false},"template":"","categories":[],"tags":[],"_links":{"self":[{"href":"https:\/\/ulbra-to.br\/caos\/wp-json\/wp\/v2\/artigo\/377"}],"collection":[{"href":"https:\/\/ulbra-to.br\/caos\/wp-json\/wp\/v2\/artigo"}],"about":[{"href":"https:\/\/ulbra-to.br\/caos\/wp-json\/wp\/v2\/types\/artigo"}],"version-history":[{"count":1,"href":"https:\/\/ulbra-to.br\/caos\/wp-json\/wp\/v2\/artigo\/377\/revisions"}],"predecessor-version":[{"id":378,"href":"https:\/\/ulbra-to.br\/caos\/wp-json\/wp\/v2\/artigo\/377\/revisions\/378"}],"wp:attachment":[{"href":"https:\/\/ulbra-to.br\/caos\/wp-json\/wp\/v2\/media?parent=377"}],"wp:term":[{"taxonomy":"category","embeddable":true,"href":"https:\/\/ulbra-to.br\/caos\/wp-json\/wp\/v2\/categories?post=377"},{"taxonomy":"post_tag","embeddable":true,"href":"https:\/\/ulbra-to.br\/caos\/wp-json\/wp\/v2\/tags?post=377"}],"curies":[{"name":"wp","href":"https:\/\/api.w.org\/{rel}","templated":true}]}}

TENTATIVAS DE SUICÍDIO E VIOLÊNCIA AUTOPROVOCADA: COMPARATIVO ENTRE SEXOS E PAPÉIS SOCIAIS

<p>O presente estudo é um relato de experiência na área de Psicologia, desenvolvido sobre a condução de um grupo operativo realizado em ambiente virtual, com intuito de demonstrar o planejamento e a execução dessa classificação grupal por meio da sustentação em pesquisa bibliográfica. A temática proposta para o grupo se referiu à felicidade, com objetivo central de trazer reflexão e reconhecimento acerca da felicidade singular de cada sujeito envolvido no processo. Para isso, utilizou-se de dinâmicas reflexivas, elementos artísticos, perguntas provocativas e elucidação de informações. Apesar das ansiedades básicas e resistências que emergiram no decorrer do processo grupal, conseguiu-se atingir o propósito cêntrico, a fim de contribuir para a composição de um novo Esquema Conceitual Referencial Operativo (ECRO).</p>
