











	
{"id":379,"date":"2022-05-02T17:14:56","date_gmt":"2022-05-02T20:14:56","guid":{"rendered":"https:\/\/ulbra-to.br\/caos\/?post_type=artigo&#038;p=379"},"modified":"2022-05-02T17:14:56","modified_gmt":"2022-05-02T20:14:56","slug":"terapia-focada-nas-emocoes-e-autocompaixao-teoria-e-pratica","status":"publish","type":"artigo","link":"https:\/\/ulbra-to.br\/caos\/artigo\/terapia-focada-nas-emocoes-e-autocompaixao-teoria-e-pratica\/","title":{"rendered":"TERAPIA FOCADA NAS EMO\u00c7\u00d5ES E AUTOCOMPAIX\u00c3O: TEORIA E PR\u00c1TICA"},"content":{"rendered":"\n<p>O referido artigo apresenta o relato de experi\u00eancia de tr\u00eas estagi\u00e1rias do curso de Psicologia, vivenciadas no est\u00e1gio de Processos Cl\u00ednicos \u00canfase (A) I e II na \u00e1rea da terceira onda das Teorias Cognitivas com enfoque na Teoria focadas nas emo\u00e7\u00f5es (TFE), localizado no munic\u00edpio de Palmas\/TO. O objetivo \u00e9 apresentar a teoria com a pr\u00e1tica onde os estagi\u00e1rios relatem as suas experi\u00eancias durante o per\u00edodo do est\u00e1gio no qual aconteceu no momento da pandemia mundial denominada como COVID- 19. Onde os estagi\u00e1rios e seus professores e supervisores tiveram que se reinventar e ressignificar os atendimentos cl\u00ednicos para a conclus\u00e3o dos est\u00e1gios nesse per\u00edodo.<\/p>\n","protected":false},"template":"","categories":[],"tags":[],"_links":{"self":[{"href":"https:\/\/ulbra-to.br\/caos\/wp-json\/wp\/v2\/artigo\/379"}],"collection":[{"href":"https:\/\/ulbra-to.br\/caos\/wp-json\/wp\/v2\/artigo"}],"about":[{"href":"https:\/\/ulbra-to.br\/caos\/wp-json\/wp\/v2\/types\/artigo"}],"version-history":[{"count":1,"href":"https:\/\/ulbra-to.br\/caos\/wp-json\/wp\/v2\/artigo\/379\/revisions"}],"predecessor-version":[{"id":380,"href":"https:\/\/ulbra-to.br\/caos\/wp-json\/wp\/v2\/artigo\/379\/revisions\/380"}],"wp:attachment":[{"href":"https:\/\/ulbra-to.br\/caos\/wp-json\/wp\/v2\/media?parent=379"}],"wp:term":[{"taxonomy":"category","embeddable":true,"href":"https:\/\/ulbra-to.br\/caos\/wp-json\/wp\/v2\/categories?post=379"},{"taxonomy":"post_tag","embeddable":true,"href":"https:\/\/ulbra-to.br\/caos\/wp-json\/wp\/v2\/tags?post=379"}],"curies":[{"name":"wp","href":"https:\/\/api.w.org\/{rel}","templated":true}]}}

TERAPIA FOCADA NAS EMOÇÕES E AUTOCOMPAIXÃO: TEORIA E PRÁTICA

<p>O referido artigo apresenta o relato de experiência de três estagiárias do curso de Psicologia, vivenciadas no estágio de Processos Clínicos Ênfase (A) I e II na área da terceira onda das Teorias Cognitivas com enfoque na Teoria focadas nas emoções (TFE), localizado no município de Palmas/TO. O objetivo é apresentar a teoria com a prática onde os estagiários relatem as suas experiências durante o período do estágio no qual aconteceu no momento da pandemia mundial denominada como COVID- 19. Onde os estagiários e seus professores e supervisores tiveram que se reinventar e ressignificar os atendimentos clínicos para a conclusão dos estágios nesse período.</p>
