











	
{"id":387,"date":"2022-05-02T17:19:24","date_gmt":"2022-05-02T20:19:24","guid":{"rendered":"https:\/\/ulbra-to.br\/caos\/?post_type=artigo&#038;p=387"},"modified":"2022-05-02T17:19:24","modified_gmt":"2022-05-02T20:19:24","slug":"um-olhar-sistemico-da-violencia-implicita-sob-alguns-aspectos-dos-conflitos-familiares","status":"publish","type":"artigo","link":"https:\/\/ulbra-to.br\/caos\/artigo\/um-olhar-sistemico-da-violencia-implicita-sob-alguns-aspectos-dos-conflitos-familiares\/","title":{"rendered":"UM OLHAR SIST\u00caMICO DA VIOL\u00caNCIA IMPL\u00cdCITA SOB ALGUNS ASPECTOS DOS CONFLITOS FAMILIARES"},"content":{"rendered":"\n<p>A Fam\u00edlia \u00e9 o primeiro conjunto de intera\u00e7\u00f5es sociais de uma pessoa. O pensamento sist\u00eamico entende as fam\u00edlias como um sistema, dessa forma, funcionando como tal, compreende-se que os membros familiares interagem e se afetam respectivamente. Nesse sentido, o artigo busca demonstrar o recorte de alguns conflitos presentes nessas intera\u00e7\u00f5es atrav\u00e9s do relacionamento m\u00e3e e filha, o qual possui suas pr\u00f3prias caracter\u00edsticas e repercuss\u00f5es, sendo assim, discute-se o reflexo dos esquemas familiares no processo de diferencia\u00e7\u00e3o do indiv\u00edduo. Tamb\u00e9m busca-se citar a viol\u00eancia no contexto familiar, com foco na viol\u00eancia materna, uma vez que, utilizando-se de vinhetas cl\u00ednicas, de casos atendidos de forma individual em uma cl\u00ednica-escola, pretende-se explorar alguns aspectos da rela\u00e7\u00e3o m\u00e3e e filha, identificando a problem\u00e1tica da viol\u00eancia impl\u00edcita nesses conflitos.<\/p>\n","protected":false},"template":"","categories":[],"tags":[],"_links":{"self":[{"href":"https:\/\/ulbra-to.br\/caos\/wp-json\/wp\/v2\/artigo\/387"}],"collection":[{"href":"https:\/\/ulbra-to.br\/caos\/wp-json\/wp\/v2\/artigo"}],"about":[{"href":"https:\/\/ulbra-to.br\/caos\/wp-json\/wp\/v2\/types\/artigo"}],"version-history":[{"count":1,"href":"https:\/\/ulbra-to.br\/caos\/wp-json\/wp\/v2\/artigo\/387\/revisions"}],"predecessor-version":[{"id":388,"href":"https:\/\/ulbra-to.br\/caos\/wp-json\/wp\/v2\/artigo\/387\/revisions\/388"}],"wp:attachment":[{"href":"https:\/\/ulbra-to.br\/caos\/wp-json\/wp\/v2\/media?parent=387"}],"wp:term":[{"taxonomy":"category","embeddable":true,"href":"https:\/\/ulbra-to.br\/caos\/wp-json\/wp\/v2\/categories?post=387"},{"taxonomy":"post_tag","embeddable":true,"href":"https:\/\/ulbra-to.br\/caos\/wp-json\/wp\/v2\/tags?post=387"}],"curies":[{"name":"wp","href":"https:\/\/api.w.org\/{rel}","templated":true}]}}

UM OLHAR SISTÊMICO DA VIOLÊNCIA IMPLÍCITA SOB ALGUNS ASPECTOS DOS CONFLITOS FAMILIARES

<p>A Família é o primeiro conjunto de interações sociais de uma pessoa. O pensamento sistêmico entende as famílias como um sistema, dessa forma, funcionando como tal, compreende-se que os membros familiares interagem e se afetam respectivamente. Nesse sentido, o artigo busca demonstrar o recorte de alguns conflitos presentes nessas interações através do relacionamento mãe e filha, o qual possui suas próprias características e repercussões, sendo assim, discute-se o reflexo dos esquemas familiares no processo de diferenciação do indivíduo. Também busca-se citar a violência no contexto familiar, com foco na violência materna, uma vez que, utilizando-se de vinhetas clínicas, de casos atendidos de forma individual em uma clínica-escola, pretende-se explorar alguns aspectos da relação mãe e filha, identificando a problemática da violência implícita nesses conflitos.</p>
