






	
{"id":1877,"date":"2025-11-14T17:14:40","date_gmt":"2025-11-14T19:14:40","guid":{"rendered":"https:\/\/ulbra-to.br\/jornada\/?page_id=1877"},"modified":"2025-11-14T17:14:40","modified_gmt":"2025-11-14T19:14:40","slug":"trabalhos-premiados-2025","status":"publish","type":"page","link":"https:\/\/ulbra-to.br\/jornada\/trabalhos-premiados-2025","title":{"rendered":"Trabalhos Premiados 2025"},"content":{"rendered":"\n<div style=\"height:60px\" aria-hidden=\"true\" class=\"wp-block-spacer\"><\/div>\n\n\n\n<h3><span style=\"color:#0071a1\" class=\"has-inline-color\">CI\u00caNCIAS AGR\u00c1RIAS<\/span><\/h3>\n\n\n\n<p><strong>1\u00b0 Lugar<\/strong>:&nbsp;DO LIXO AO LUXO: APLICA\u00c7\u00c3O DA POL\u00cdTICA NACIONAL DE RES\u00cdDUOS S\u00d3LIDOS ATRAV\u00c9S DA ECONOMIA CIRCULAR DE MADEIRA, NA ULBRA PALMAS<\/p>\n\n\n\n<p><strong>2\u00b0 Lugar<\/strong>:&nbsp;CURVA DE SECAGEM NATURAL DO CAF\u00c9 (COFFEA CANEPHORA) ROBUSTA AMAZ\u00d4NICO, EM PALMAS, TOCANTINS<\/p>\n\n\n\n<p><strong>3\u00b0 Lugar<\/strong>:&nbsp;ELEMENTOS METEOROL\u00d3GICOS EM AMBIENTE INTERNO DE CASA-DE-VEGETA\u00c7\u00c3O E A C\u00c9U ABERTO NO CAMPUS ULBRA\/PALMAS, PALMAS,TO<\/p>\n\n\n\n<div style=\"height:60px\" aria-hidden=\"true\" class=\"wp-block-spacer\"><\/div>\n\n\n\n<h3><span style=\"color:#0071a1\" class=\"has-inline-color\">CI\u00caNCIAS EXATAS<\/span><\/h3>\n\n\n\n<p><strong>1\u00b0 Lugar<\/strong>:&nbsp;API PSIDATA: SOLU\u00c7\u00c3O PARA ATUALIZA\u00c7\u00c3O PERI\u00d3DICA DE DADOS P\u00daBLICOS NA \u00c1REA DE SA\u00daDE MENTAL<\/p>\n\n\n\n<p><strong>2\u00b0 Lugar<\/strong>:&nbsp;DA PLANILHA AO PAINEL: UM PIPELINE REPRODUT\u00cdVEL E AUDIT\u00c1VEL PARA A TRANSPAR\u00caNCIA NA SA\u00daDE MUNICIPAL<\/p>\n\n\n\n<p><strong>3\u00b0 Lugar<\/strong>:&nbsp;GEOSA\u00daDE: INTELIG\u00caNCIA TERRITORIAL PARA AN\u00c1LISE E VISUALIZA\u00c7\u00c3O DE DADOS EM SA\u00daDE P\u00daBLICA<\/p>\n\n\n\n<div style=\"height:60px\" aria-hidden=\"true\" class=\"wp-block-spacer\"><\/div>\n\n\n\n<h3><span style=\"color:#0071a1\" class=\"has-inline-color\">CI\u00caNCIAS HUMANAS<\/span><\/h3>\n\n\n\n<p><strong>1\u00b0 Lugar<\/strong>:&nbsp;ENFRENTAMENTO AO IDADISMO: UMA AN\u00c1LISE A PARTIR DO SISTEMA CONSELHOS DE PSICOLOGIA<\/p>\n\n\n\n<p><strong>2\u00b0 Lugar<\/strong>:&nbsp;VELHICES E ENVELHECIMENTO ATIVO: A REINVEN\u00c7\u00c3O DE ENVELHECER NA CONTEMPORANEIDADE.<\/p>\n\n\n\n<p><strong>3\u00b0 Lugar<\/strong>:&nbsp;PELE NEGRA, ALGORITMO BRANCO: RELA\u00c7\u00d5ES ENTRE RACISMO ALGORITMICO E AN\u00c1LISE DO COMPORTAMENTO<\/p>\n\n\n\n<p><strong>1\u00b0 Men\u00e7\u00e3o Honrosa<\/strong>:&nbsp;L\u00d3GICAS INSTITUCIONAIS NO ACOLHIMENTO DE CRIAN\u00c7AS E ADOLESCENTES: PERMAN\u00caNCIAS E DESAFIOS<\/p>\n\n\n\n<div style=\"height:60px\" aria-hidden=\"true\" class=\"wp-block-spacer\"><\/div>\n\n\n\n<h3><span style=\"color:#0071a1\" class=\"has-inline-color\">CI\u00caNCIAS SOCIAIS APLICADAS<\/span><\/h3>\n\n\n\n<p><strong>1\u00b0 Lugar<\/strong>: LEI DE ACESSO \u00c0 INFORMA\u00c7\u00c3O E LGPD: DESAFIOS DO EQUIL\u00cdBRIO ENTRE TRANSPAR\u00caNCIA P\u00daBLICA E PROTE\u00c7\u00c3O DE DADOS PESSOAIS<\/p>\n\n\n\n<p><strong>2\u00b0 Lugar<\/strong>:&nbsp;PROJETO DE REQUALIFICA\u00c7\u00c3O URBANA: PARQUE DE EXPOSI\u00c7\u00d5ES RAIMUNDO PARRI\u00c3O \u2013 PALMEIR\u00d3POLIS \/ TO<\/p>\n\n\n\n<p><strong>3\u00b0 Lugar<\/strong>:&nbsp;PROJETO URBAN\u00cdSTICO DE UMA ZEIS EM PALMAS \u2013 TO: REASSENTAMENTO DIGNO PARA A POPULA\u00c7\u00c3O DO SETOR T-30<\/p>\n\n\n\n<div style=\"height:60px\" aria-hidden=\"true\" class=\"wp-block-spacer\"><\/div>\n\n\n\n<h3><span style=\"color:#0071a1\" class=\"has-inline-color\">CI\u00caNCIAS DA SA\u00daDE<\/span><\/h3>\n\n\n\n<p><strong>1\u00b0 Lugar<\/strong>: RELATO DE EXPERI\u00caNCIA: O IMPACTO DO TRABALHO NA SA\u00daDE MENTAL<\/p>\n\n\n\n<p><strong>2\u00b0 Lugar<\/strong>:&nbsp;A AUTOIMAGEM E SUA ASSOCIA\u00c7\u00c3O COM A REALIZA\u00c7\u00c3O DE PROCEDIMENTOS EST\u00c9TICOS<\/p>\n\n\n\n<p><strong>3\u00b0 Lugar<\/strong>:&nbsp;GOVERNAN\u00c7A DE TI NA SA\u00daDE SUPLEMENTAR<\/p>\n","protected":false},"excerpt":{"rendered":"<p>CI\u00caNCIAS AGR\u00c1RIAS 1\u00b0 Lugar:&nbsp;DO LIXO AO LUXO: APLICA\u00c7\u00c3O DA POL\u00cdTICA NACIONAL DE RES\u00cdDUOS S\u00d3LIDOS ATRAV\u00c9S DA ECONOMIA CIRCULAR DE MADEIRA, NA ULBRA PALMAS 2\u00b0 Lugar:&nbsp;CURVA DE SECAGEM NATURAL DO CAF\u00c9 (COFFEA CANEPHORA) ROBUSTA AMAZ\u00d4NICO, EM PALMAS, TOCANTINS 3\u00b0 Lugar:&nbsp;ELEMENTOS METEOROL\u00d3GICOS EM AMBIENTE INTERNO DE CASA-DE-VEGETA\u00c7\u00c3O E A C\u00c9U ABERTO NO CAMPUS ULBRA\/PALMAS, PALMAS,TO CI\u00caNCIAS EXATAS [&hellip;]<\/p>\n","protected":false},"author":1,"featured_media":0,"parent":0,"menu_order":0,"comment_status":"closed","ping_status":"closed","template":"","meta":[],"_links":{"self":[{"href":"https:\/\/ulbra-to.br\/jornada\/wp-json\/wp\/v2\/pages\/1877"}],"collection":[{"href":"https:\/\/ulbra-to.br\/jornada\/wp-json\/wp\/v2\/pages"}],"about":[{"href":"https:\/\/ulbra-to.br\/jornada\/wp-json\/wp\/v2\/types\/page"}],"author":[{"embeddable":true,"href":"https:\/\/ulbra-to.br\/jornada\/wp-json\/wp\/v2\/users\/1"}],"replies":[{"embeddable":true,"href":"https:\/\/ulbra-to.br\/jornada\/wp-json\/wp\/v2\/comments?post=1877"}],"version-history":[{"count":1,"href":"https:\/\/ulbra-to.br\/jornada\/wp-json\/wp\/v2\/pages\/1877\/revisions"}],"predecessor-version":[{"id":1879,"href":"https:\/\/ulbra-to.br\/jornada\/wp-json\/wp\/v2\/pages\/1877\/revisions\/1879"}],"wp:attachment":[{"href":"https:\/\/ulbra-to.br\/jornada\/wp-json\/wp\/v2\/media?parent=1877"}],"curies":[{"name":"wp","href":"https:\/\/api.w.org\/{rel}","templated":true}]}}