






	
{"id":11,"date":"2025-02-11T17:07:06","date_gmt":"2025-02-11T19:07:06","guid":{"rendered":"https:\/\/ulbra-to.br\/medicina\/?page_id=11"},"modified":"2025-10-07T14:48:54","modified_gmt":"2025-10-07T17:48:54","slug":"premio","status":"publish","type":"page","link":"https:\/\/ulbra-to.br\/medicina\/premio","title":{"rendered":"Pr\u00eamio"},"content":{"rendered":"\n<p id=\"block-c6a6021d-1360-45e1-9e31-2c5c7729222f\">O <strong>Pr\u00eamio Jovem Pesquisador<\/strong> \u00e9 tradicionalmente concedido aos acad\u00eamicos que tiveram suas produ\u00e7\u00f5es avaliadas na Jornada de Inicia\u00e7\u00e3o Cient\u00edfica Ulbra Medicina Palmas.<\/p>\n\n\n\n<p id=\"block-bd46f3bd-b5bc-4bab-acfc-be5f6f064372\"><strong>Pr\u00eamio Jovem Pesquisador &#8211; Orienta\u00e7\u00f5es<\/strong><\/p>\n\n\n\n<p id=\"block-3893806d-f654-483a-87c5-6c9c25f79aec\">Os trabalhos apresentados por estudantes de gradua\u00e7\u00e3o ser\u00e3o avaliados por um comit\u00ea t\u00e9cnico-cient\u00edfico de cada \u00e1rea, constitu\u00eddo por professores\/pesquisadores, al\u00e9m de outras institui\u00e7\u00f5es convidadas. Os tr\u00eas melhores trabalhos, em cada \u00e1rea (ou jun\u00e7\u00e3o de \u00e1reas), receber\u00e3o o pr\u00eamio&nbsp;Jovem Pesquisador.<\/p>\n\n\n\n<p id=\"block-f3386e8b-1ffd-4ea5-a984-661fe51839a6\">O Pr\u00eamio Jovem Pesquisador s\u00f3 ser\u00e1 concedido para trabalhos que tiverem, entre os autores, apenas acad\u00eamicos regularmente matriculados. A presen\u00e7a de profissionais (entre os autores) desabilitar\u00e1 o trabalho ao Pr\u00eamio, mas permitir\u00e1 a concorr\u00eancia na Men\u00e7\u00e3o Honrosa, concedida ao reconhecimento de m\u00e9rito dos trabalhos externos.<\/p>\n\n\n\n<p id=\"block-b53a46dd-904c-445e-b9c6-a03ed8f00e4d\"><strong>\u00c1REAS DEFINIDAS NO EVENTO<\/strong><\/p>\n\n\n\n<p>O Pr\u00eamio Jovem Pesquisador ser\u00e1 concedido aos acad\u00eamicos que tiveram suas produ\u00e7\u00f5es avaliadas na II Jornada de Inicia\u00e7\u00e3o Cient\u00edfica Ulbra Medicina Palmas.<\/p>\n","protected":false},"excerpt":{"rendered":"<p>O Pr\u00eamio Jovem Pesquisador \u00e9 tradicionalmente concedido aos acad\u00eamicos que tiveram suas produ\u00e7\u00f5es avaliadas na Jornada de Inicia\u00e7\u00e3o Cient\u00edfica Ulbra Medicina Palmas. Pr\u00eamio Jovem Pesquisador &#8211; Orienta\u00e7\u00f5es Os trabalhos apresentados por estudantes de gradua\u00e7\u00e3o ser\u00e3o avaliados por um comit\u00ea t\u00e9cnico-cient\u00edfico de cada \u00e1rea, constitu\u00eddo por professores\/pesquisadores, al\u00e9m de outras institui\u00e7\u00f5es convidadas. Os tr\u00eas melhores trabalhos, [&hellip;]<\/p>\n","protected":false},"author":1,"featured_media":0,"parent":0,"menu_order":0,"comment_status":"closed","ping_status":"closed","template":"","meta":[],"_links":{"self":[{"href":"https:\/\/ulbra-to.br\/medicina\/wp-json\/wp\/v2\/pages\/11"}],"collection":[{"href":"https:\/\/ulbra-to.br\/medicina\/wp-json\/wp\/v2\/pages"}],"about":[{"href":"https:\/\/ulbra-to.br\/medicina\/wp-json\/wp\/v2\/types\/page"}],"author":[{"embeddable":true,"href":"https:\/\/ulbra-to.br\/medicina\/wp-json\/wp\/v2\/users\/1"}],"replies":[{"embeddable":true,"href":"https:\/\/ulbra-to.br\/medicina\/wp-json\/wp\/v2\/comments?post=11"}],"version-history":[{"count":6,"href":"https:\/\/ulbra-to.br\/medicina\/wp-json\/wp\/v2\/pages\/11\/revisions"}],"predecessor-version":[{"id":95,"href":"https:\/\/ulbra-to.br\/medicina\/wp-json\/wp\/v2\/pages\/11\/revisions\/95"}],"wp:attachment":[{"href":"https:\/\/ulbra-to.br\/medicina\/wp-json\/wp\/v2\/media?parent=11"}],"curies":[{"name":"wp","href":"https:\/\/api.w.org\/{rel}","templated":true}]}}