






	
{"id":137,"date":"2025-11-26T18:03:04","date_gmt":"2025-11-26T20:03:04","guid":{"rendered":"https:\/\/ulbra-to.br\/medicina\/?page_id=137"},"modified":"2025-11-26T18:03:04","modified_gmt":"2025-11-26T20:03:04","slug":"trabalhos-premiados-2025","status":"publish","type":"page","link":"https:\/\/ulbra-to.br\/medicina\/trabalhos-premiados-2025","title":{"rendered":"Trabalhos Premiados 2025"},"content":{"rendered":"\n<h3><span style=\"color:#0071a1\" class=\"has-inline-color\">MEDICINA<\/span><\/h3>\n\n\n\n<p><strong>1\u00b0 Lugar<\/strong>:\u00a0ENTRE O VIVER E O PARTIR: CUIDADOS PALIATIVOS E A \u00c9TICA NA TERMINALIDADE DA VIDA<\/p>\n\n\n\n<p><strong>2\u00b0 Lugar<\/strong>:\u00a0LES\u00d5ES PRECURSORAS DO C\u00c2NCER DE COLO DE \u00daTERO<\/p>\n\n\n\n<p><strong>3\u00b0 Lugar<\/strong>:\u00a0CONSCIENTIZA\u00c7\u00c3O UNIVERSIT\u00c1RIA PARA DOA\u00c7\u00c3O DE SANGUE E CADASTRO DE MEDULA \u00d3SSEA: MOBILIZA\u00c7\u00c3O ACAD\u00caMICA EM A\u00c7\u00c3O EXTENSIONISTA<\/p>\n","protected":false},"excerpt":{"rendered":"<p>MEDICINA 1\u00b0 Lugar:\u00a0ENTRE O VIVER E O PARTIR: CUIDADOS PALIATIVOS E A \u00c9TICA NA TERMINALIDADE DA VIDA 2\u00b0 Lugar:\u00a0LES\u00d5ES PRECURSORAS DO C\u00c2NCER DE COLO DE \u00daTERO 3\u00b0 Lugar:\u00a0CONSCIENTIZA\u00c7\u00c3O UNIVERSIT\u00c1RIA PARA DOA\u00c7\u00c3O DE SANGUE E CADASTRO DE MEDULA \u00d3SSEA: MOBILIZA\u00c7\u00c3O ACAD\u00caMICA EM A\u00c7\u00c3O EXTENSIONISTA<\/p>\n","protected":false},"author":1,"featured_media":0,"parent":0,"menu_order":0,"comment_status":"closed","ping_status":"closed","template":"","meta":[],"_links":{"self":[{"href":"https:\/\/ulbra-to.br\/medicina\/wp-json\/wp\/v2\/pages\/137"}],"collection":[{"href":"https:\/\/ulbra-to.br\/medicina\/wp-json\/wp\/v2\/pages"}],"about":[{"href":"https:\/\/ulbra-to.br\/medicina\/wp-json\/wp\/v2\/types\/page"}],"author":[{"embeddable":true,"href":"https:\/\/ulbra-to.br\/medicina\/wp-json\/wp\/v2\/users\/1"}],"replies":[{"embeddable":true,"href":"https:\/\/ulbra-to.br\/medicina\/wp-json\/wp\/v2\/comments?post=137"}],"version-history":[{"count":1,"href":"https:\/\/ulbra-to.br\/medicina\/wp-json\/wp\/v2\/pages\/137\/revisions"}],"predecessor-version":[{"id":138,"href":"https:\/\/ulbra-to.br\/medicina\/wp-json\/wp\/v2\/pages\/137\/revisions\/138"}],"wp:attachment":[{"href":"https:\/\/ulbra-to.br\/medicina\/wp-json\/wp\/v2\/media?parent=137"}],"curies":[{"name":"wp","href":"https:\/\/api.w.org\/{rel}","templated":true}]}}